CRAN Package Check Results for Package progressr

Last updated on 2021-04-20 22:53:07 CEST.

Flavor Version Tinstall Tcheck Ttotal Status Flags
r-devel-linux-x86_64-debian-clang 0.7.0 4.38 123.30 127.68 OK
r-devel-linux-x86_64-debian-gcc 0.7.0 3.59 96.50 100.09 OK
r-devel-linux-x86_64-fedora-clang 0.7.0 167.63 OK
r-devel-linux-x86_64-fedora-gcc 0.7.0 157.98 OK
r-devel-windows-ix86+x86_64 0.7.0 9.00 221.00 230.00 OK
r-devel-windows-x86_64-gcc10-UCRT 0.7.0 OK
r-patched-linux-x86_64 0.7.0 4.30 122.37 126.67 OK
r-patched-solaris-x86 0.7.0 250.20 OK
r-release-linux-x86_64 0.7.0 4.84 122.64 127.48 OK
r-release-macos-x86_64 0.7.0 OK
r-release-windows-ix86+x86_64 0.7.0 8.00 270.00 278.00 OK
r-oldrel-macos-x86_64 0.7.0 NOTE
r-oldrel-windows-ix86+x86_64 0.7.0 6.00 244.00 250.00 OK

Check Details

Version: 0.7.0
Check: dependencies in R code
Result: NOTE
    No protocol specified
    No protocol specified
Flavor: r-oldrel-macos-x86_64