CRAN Package Check Results for Package propr

Last updated on 2019-11-18 22:47:20 CET.

Flavor Version Tinstall Tcheck Ttotal Status Flags
r-devel-linux-x86_64-debian-clang 4.1.6 69.81 186.47 256.28 OK
r-devel-linux-x86_64-debian-gcc 4.1.6 53.16 135.98 189.14 OK
r-devel-linux-x86_64-fedora-clang 4.1.6 313.65 NOTE
r-devel-linux-x86_64-fedora-gcc 4.1.6 320.04 NOTE
r-devel-windows-ix86+x86_64 4.1.6 188.00 254.00 442.00 OK
r-patched-linux-x86_64 4.1.6 58.83 176.41 235.24 OK
r-patched-solaris-x86 4.1.6 414.10 NOTE
r-release-linux-x86_64 4.1.6 56.73 175.75 232.48 OK
r-release-windows-ix86+x86_64 4.1.6 127.00 233.00 360.00 OK
r-release-osx-x86_64 4.1.6 NOTE
r-oldrel-windows-ix86+x86_64 4.1.6 100.00 264.00 364.00 OK
r-oldrel-osx-x86_64 4.1.6 NOTE

Check Details

Version: 4.1.6
Check: installed package size
Result: NOTE
     installed size is 5.4Mb
     sub-directories of 1Mb or more:
     data 1.5Mb
     libs 2.8Mb
Flavor: r-devel-linux-x86_64-fedora-clang

Version: 4.1.6
Check: dependencies in R code
Result: NOTE
    Namespace in Imports field not imported from: ‘utils’
     All declared Imports should be used.
Flavors: r-devel-linux-x86_64-fedora-clang, r-devel-linux-x86_64-fedora-gcc, r-patched-solaris-x86, r-release-osx-x86_64, r-oldrel-osx-x86_64

Version: 4.1.6
Check: package dependencies
Result: NOTE
    Packages suggested but not available for checking:
     'ALDEx2', 'Biobase', 'limma'
Flavor: r-release-osx-x86_64

Version: 4.1.6
Check: package dependencies
Result: NOTE
    Package suggested but not available for checking: ‘ALDEx2’
Flavor: r-oldrel-osx-x86_64