CRAN Package Check Results for Package propr

Last updated on 2019-07-19 22:49:00 CEST.

Flavor Version Tinstall Tcheck Ttotal Status Flags
r-devel-linux-x86_64-debian-clang 4.1.6 58.36 179.64 238.00 OK
r-devel-linux-x86_64-debian-gcc 4.1.6 47.33 137.82 185.15 OK
r-devel-linux-x86_64-fedora-clang 4.1.6 321.92 NOTE
r-devel-linux-x86_64-fedora-gcc 4.1.6 310.71 NOTE
r-devel-windows-ix86+x86_64 4.1.6 165.00 311.00 476.00 OK
r-patched-linux-x86_64 4.1.6 59.85 177.00 236.85 OK
r-patched-solaris-x86 4.1.6 375.50 NOTE
r-release-linux-x86_64 4.1.6 57.56 175.10 232.66 OK
r-release-windows-ix86+x86_64 4.1.6 120.00 217.00 337.00 OK
r-release-osx-x86_64 4.1.6 NOTE
r-oldrel-windows-ix86+x86_64 4.1.6 112.00 219.00 331.00 OK
r-oldrel-osx-x86_64 4.1.6 NOTE

Check Details

Version: 4.1.6
Check: installed package size
Result: NOTE
     installed size is 5.1Mb
     sub-directories of 1Mb or more:
     data 1.5Mb
     libs 2.5Mb
Flavor: r-devel-linux-x86_64-fedora-clang

Version: 4.1.6
Check: dependencies in R code
Result: NOTE
    Namespace in Imports field not imported from: ‘utils’
     All declared Imports should be used.
Flavors: r-devel-linux-x86_64-fedora-clang, r-devel-linux-x86_64-fedora-gcc, r-patched-solaris-x86, r-release-osx-x86_64, r-oldrel-osx-x86_64

Version: 4.1.6
Check: package dependencies
Result: NOTE
    Packages suggested but not available for checking:
     'ALDEx2', 'Biobase', 'limma'
Flavor: r-release-osx-x86_64

Version: 4.1.6
Check: package dependencies
Result: NOTE
    Package suggested but not available for checking: ‘ALDEx2’
Flavor: r-oldrel-osx-x86_64