Last updated on 2024-04-24 23:00:30 CEST.
Flavor | Version | Tinstall | Tcheck | Ttotal | Status | Flags |
---|---|---|---|---|---|---|
r-devel-linux-x86_64-debian-clang | 1.1.4 | 22.55 | 173.98 | 196.53 | OK | |
r-devel-linux-x86_64-debian-gcc | 1.1.4 | 18.43 | 127.49 | 145.92 | OK | |
r-devel-linux-x86_64-fedora-clang | 1.1.4 | 240.26 | NOTE | |||
r-devel-linux-x86_64-fedora-gcc | 1.1.4 | 226.24 | OK | |||
r-devel-windows-x86_64 | 1.1.4 | 19.00 | 128.00 | 147.00 | OK | |
r-patched-linux-x86_64 | 1.1.4 | 14.77 | 159.17 | 173.94 | OK | |
r-release-linux-x86_64 | 1.1.4 | 13.85 | 157.67 | 171.52 | OK | |
r-release-macos-arm64 | 1.1.4 | 71.00 | OK | |||
r-release-windows-x86_64 | 1.1.4 | 20.00 | 126.00 | 146.00 | OK | |
r-oldrel-macos-arm64 | 1.1.4 | 74.00 | OK | |||
r-oldrel-macos-x86_64 | 1.1.4 | 164.00 | OK | |||
r-oldrel-windows-x86_64 | 1.1.4 | 26.00 | 164.00 | 190.00 | OK |
Version: 1.1.4
Check: package dependencies
Result: NOTE
Imports includes 22 non-default packages.
Importing from so many packages makes the package vulnerable to any of
them becoming unavailable. Move as many as possible to Suggests and
use conditionally.
Flavor: r-devel-linux-x86_64-fedora-clang