Last updated on 2024-03-28 23:01:54 CET.
Flavor | Version | Tinstall | Tcheck | Ttotal | Status | Flags |
---|---|---|---|---|---|---|
r-devel-linux-x86_64-debian-clang | 2.3.0 | 84.45 | 32.95 | 117.40 | OK | |
r-devel-linux-x86_64-debian-gcc | 2.3.0 | 68.43 | 25.83 | 94.26 | OK | |
r-devel-linux-x86_64-fedora-clang | 2.3.0 | 172.23 | NOTE | |||
r-devel-linux-x86_64-fedora-gcc | 2.3.0 | 177.98 | OK | |||
r-devel-windows-x86_64 | 2.3.0 | 71.00 | 76.00 | 147.00 | OK | |
r-patched-linux-x86_64 | 2.3.0 | 84.74 | 32.42 | 117.16 | OK | |
r-release-linux-x86_64 | 2.3.0 | 88.87 | 32.12 | 120.99 | OK | |
r-release-macos-arm64 | 2.3.0 | 126.00 | NOTE | |||
r-release-macos-x86_64 | 2.3.0 | 75.00 | NOTE | |||
r-release-windows-x86_64 | 2.3.0 | 71.00 | 97.00 | 168.00 | OK | |
r-oldrel-macos-arm64 | 2.3.0 | 45.00 | NOTE | |||
r-oldrel-windows-x86_64 | 2.3.0 | 81.00 | 91.00 | 172.00 | OK |
Version: 2.3.0
Check: Rd cross-references
Result: NOTE
Undeclared package ‘RProtoBuf’ in Rd xrefs
Flavor: r-devel-linux-x86_64-fedora-clang
Version: 2.3.0
Check: installed package size
Result: NOTE
installed size is 21.4Mb
sub-directories of 1Mb or more:
libs 21.3Mb
Flavors: r-release-macos-arm64, r-release-macos-x86_64, r-oldrel-macos-arm64