CRAN Package Check Results for Package pscl

Last updated on 2019-08-17 22:46:35 CEST.

Flavor Version Tinstall Tcheck Ttotal Status Flags
r-devel-linux-x86_64-debian-clang 1.5.2 12.15 95.78 107.93 OK
r-devel-linux-x86_64-debian-gcc 1.5.2 8.07 73.31 81.38 OK
r-devel-linux-x86_64-fedora-gcc 1.5.2 119.52 OK
r-devel-windows-ix86+x86_64 1.5.2 60.00 150.00 210.00 OK
r-patched-linux-x86_64 1.5.2 10.04 94.46 104.50 OK
r-patched-solaris-x86 1.5.2 175.70 OK
r-release-linux-x86_64 1.5.2 10.47 94.99 105.46 OK
r-release-windows-ix86+x86_64 1.5.2 37.00 193.00 230.00 OK
r-release-osx-x86_64 1.5.2 NOTE
r-oldrel-windows-ix86+x86_64 1.5.2 93.00 172.00 265.00 OK
r-oldrel-osx-x86_64 1.5.2 OK

Check Details

Version: 1.5.2
Check: package dependencies
Result: NOTE
    Package suggested but not available for checking: ‘zoo’
Flavor: r-release-osx-x86_64