Last updated on 2023-12-09 21:54:26 CET.
Flavor | Version | Tinstall | Tcheck | Ttotal | Status | Flags |
---|---|---|---|---|---|---|
r-devel-linux-x86_64-debian-clang | 1.0.1 | 27.83 | 107.16 | 134.99 | NOTE | |
r-devel-linux-x86_64-debian-gcc | 1.0.1 | 20.76 | 77.26 | 98.02 | NOTE | |
r-devel-linux-x86_64-fedora-clang | 1.0.1 | 172.71 | NOTE | |||
r-devel-linux-x86_64-fedora-gcc | 1.0.1 | 162.25 | NOTE | |||
r-devel-windows-x86_64 | 1.0.1 | 24.00 | 119.00 | 143.00 | NOTE | |
r-patched-linux-x86_64 | 1.0.1 | 18.45 | 100.73 | 119.18 | NOTE | |
r-release-linux-x86_64 | 1.0.1 | 19.15 | 96.26 | 115.41 | NOTE | |
r-release-macos-arm64 | 1.0.1 | 58.00 | NOTE | |||
r-release-macos-x86_64 | 1.0.1 | 85.00 | NOTE | |||
r-release-windows-x86_64 | 1.0.1 | 32.00 | 130.00 | 162.00 | NOTE | |
r-oldrel-macos-arm64 | 1.0.1 | 46.00 | OK | |||
r-oldrel-macos-x86_64 | 1.0.1 | 80.00 | OK | |||
r-oldrel-windows-x86_64 | 1.0.1 | 31.00 | 125.00 | 156.00 | OK |
Version: 1.0.1
Check: C++ specification
Result: NOTE
Specified C++11: please drop specification unless essential
Flavors: r-devel-linux-x86_64-debian-clang, r-devel-linux-x86_64-debian-gcc, r-devel-linux-x86_64-fedora-clang, r-devel-linux-x86_64-fedora-gcc, r-devel-windows-x86_64, r-patched-linux-x86_64, r-release-linux-x86_64, r-release-macos-arm64, r-release-macos-x86_64, r-release-windows-x86_64
Version: 1.0.1
Check: Rd \usage sections
Result: NOTE
Documented arguments not in \usage in Rd file 'kepner_robinson_test_internal.Rd':
‘group’ ‘alternative’ ‘trend’
Functions with \usage entries need to have the appropriate \alias
entries, and all their arguments documented.
The \usage entries must correspond to syntactically valid R code.
See chapter ‘Writing R documentation files’ in the ‘Writing R
Extensions’ manual.
Flavors: r-devel-linux-x86_64-debian-clang, r-devel-linux-x86_64-debian-gcc, r-devel-linux-x86_64-fedora-clang, r-devel-linux-x86_64-fedora-gcc, r-devel-windows-x86_64