Last updated on 2024-04-18 22:52:54 CEST.
Flavor | Version | Tinstall | Tcheck | Ttotal | Status | Flags |
---|---|---|---|---|---|---|
r-devel-linux-x86_64-debian-clang | 1.1.2 | 26.53 | 224.77 | 251.30 | OK | |
r-devel-linux-x86_64-debian-gcc | 1.1.2 | 18.36 | 160.04 | 178.40 | OK | |
r-devel-linux-x86_64-fedora-clang | 1.1.2 | 308.88 | NOTE | |||
r-devel-linux-x86_64-fedora-gcc | 1.1.2 | 317.82 | OK | |||
r-prerel-macos-arm64 | 1.1.2 | 87.00 | OK | |||
r-prerel-windows-x86_64 | 1.1.2 | 23.00 | 158.00 | 181.00 | OK | |
r-patched-linux-x86_64 | 1.1.2 | 27.03 | 214.54 | 241.57 | OK | |
r-release-linux-x86_64 | 1.1.2 | 25.76 | 209.52 | 235.28 | OK | |
r-release-macos-arm64 | 1.1.2 | 92.00 | OK | |||
r-release-macos-x86_64 | 1.1.2 | 194.00 | OK | |||
r-release-windows-x86_64 | 1.1.2 | 31.00 | 193.00 | 224.00 | OK | |
r-oldrel-macos-arm64 | 1.1.2 | 86.00 | OK | |||
r-oldrel-windows-x86_64 | 1.1.2 | 32.00 | 205.00 | 237.00 | OK |
Version: 1.1.2
Check: Rd cross-references
Result: NOTE
Undeclared package ‘spsur’ in Rd xrefs
Flavor: r-devel-linux-x86_64-fedora-clang