Last updated on 2024-04-17 23:00:03 CEST.
Flavor | Version | Tinstall | Tcheck | Ttotal | Status | Flags |
---|---|---|---|---|---|---|
r-devel-linux-x86_64-debian-clang | 0.3-1 | 2.44 | 21.39 | 23.83 | OK | |
r-devel-linux-x86_64-debian-gcc | 0.3-1 | 2.14 | 16.41 | 18.55 | OK | |
r-devel-linux-x86_64-fedora-clang | 0.3-1 | 30.69 | NOTE | |||
r-devel-linux-x86_64-fedora-gcc | 0.3-1 | 29.12 | NOTE | |||
r-prerel-macos-arm64 | 0.3-1 | 15.00 | OK | |||
r-prerel-windows-x86_64 | 0.3-1 | 4.00 | 36.00 | 40.00 | OK | |
r-patched-linux-x86_64 | 0.3-1 | 2.33 | 20.55 | 22.88 | OK | |
r-release-linux-x86_64 | 0.3-1 | 2.29 | 20.85 | 23.14 | OK | |
r-release-macos-arm64 | 0.3-1 | 17.00 | OK | |||
r-release-macos-x86_64 | 0.3-1 | 20.00 | OK | |||
r-release-windows-x86_64 | 0.3-1 | 6.00 | 38.00 | 44.00 | OK | |
r-oldrel-macos-arm64 | 0.3-1 | 19.00 | OK | |||
r-oldrel-windows-x86_64 | 0.3-1 | 9.00 | 43.00 | 52.00 | OK |
Version: 0.3-1
Check: compiled code
Result: NOTE
File ‘pspearman/libs/pspearman.so’:
Found no calls to: ‘R_registerRoutines’, ‘R_useDynamicSymbols’
It is good practice to register native routines and to disable symbol
search.
See ‘Writing portable packages’ in the ‘Writing R Extensions’ manual.
Flavors: r-devel-linux-x86_64-fedora-clang, r-devel-linux-x86_64-fedora-gcc