Last updated on 2023-02-04 22:54:59 CET.
Flavor | Version | Tinstall | Tcheck | Ttotal | Status | Flags |
---|---|---|---|---|---|---|
r-devel-linux-x86_64-debian-clang | 1.0.4 | 11.31 | 287.46 | 298.77 | NOTE | |
r-devel-linux-x86_64-debian-gcc | 1.0.4 | 7.89 | 206.00 | 213.89 | NOTE | |
r-devel-linux-x86_64-fedora-clang | 1.0.4 | 274.80 | NOTE | |||
r-devel-linux-x86_64-fedora-gcc | 1.0.4 | 361.08 | NOTE | |||
r-devel-windows-x86_64 | 1.0.4 | 77.00 | 312.00 | 389.00 | NOTE | |
r-patched-linux-x86_64 | 1.0.4 | 11.10 | 271.20 | 282.30 | NOTE | |
r-release-linux-x86_64 | 1.0.4 | 10.54 | 277.68 | 288.22 | NOTE | |
r-release-macos-arm64 | 1.0.4 | 79.00 | NOTE | |||
r-release-macos-x86_64 | 1.0.4 | 192.00 | NOTE | |||
r-release-windows-x86_64 | 1.0.4 | 40.00 | 258.00 | 298.00 | NOTE | |
r-oldrel-macos-arm64 | 1.0.4 | 94.00 | NOTE | |||
r-oldrel-macos-x86_64 | 1.0.4 | 159.00 | NOTE | |||
r-oldrel-windows-ix86+x86_64 | 1.0.4 | 25.00 | 324.00 | 349.00 | NOTE |
Version: 1.0.4
Check: LazyData
Result: NOTE
'LazyData' is specified without a 'data' directory
Flavors: r-devel-linux-x86_64-debian-clang, r-devel-linux-x86_64-debian-gcc, r-devel-linux-x86_64-fedora-clang, r-devel-linux-x86_64-fedora-gcc, r-devel-windows-x86_64, r-patched-linux-x86_64, r-release-linux-x86_64, r-release-macos-arm64, r-release-macos-x86_64, r-release-windows-x86_64, r-oldrel-macos-arm64, r-oldrel-macos-x86_64, r-oldrel-windows-ix86+x86_64