CRAN Package Check Results for Package pssm

Last updated on 2018-12-16 22:51:58 CET.

Flavor Version Tinstall Tcheck Ttotal Status Flags
r-devel-linux-x86_64-debian-clang 1.1 3.37 2.30 5.67 ERROR
r-devel-linux-x86_64-debian-gcc 1.1 2.80 1.49 4.29 ERROR
r-devel-linux-x86_64-fedora-clang 1.1 45.81 OK
r-devel-linux-x86_64-fedora-gcc 1.1 45.01 OK
r-devel-windows-ix86+x86_64 1.1 8.00 64.00 72.00 OK
r-patched-linux-x86_64 1.1 3.34 34.06 37.40 OK
r-patched-solaris-x86 1.1 65.10 OK
r-release-linux-x86_64 1.1 3.55 35.11 38.66 OK
r-release-windows-ix86+x86_64 1.1 4.00 65.00 69.00 OK
r-release-osx-x86_64 1.1 OK
r-oldrel-windows-ix86+x86_64 1.1 6.00 63.00 69.00 OK
r-oldrel-osx-x86_64 1.1 OK

Check Details

Version: 1.1
Check: whether the package can be loaded
Result: ERROR
    Loading this package had a fatal error status code 1
    Loading log:
    Error: package or namespace load failed for ‘pssm’ in dyn.load(file, DLLpath = DLLpath, ...):
     unable to load shared object ‘/home/hornik/tmp/R.check/r-devel-clang/Work/build/Packages/MASS/libs/MASS.so’:
     /home/hornik/tmp/R.check/r-devel-clang/Work/build/Packages/MASS/libs/MASS.so: failed to map segment from shared object
    Execution halted
Flavor: r-devel-linux-x86_64-debian-clang

Version: 1.1
Check: whether the package can be loaded
Result: ERROR
    Loading this package had a fatal error status code 1
    Loading log:
    Error: package or namespace load failed for ‘pssm’ in dyn.load(file, DLLpath = DLLpath, ...):
     unable to load shared object ‘/home/hornik/tmp/R.check/r-devel-gcc/Work/build/Packages/MASS/libs/MASS.so’:
     /home/hornik/tmp/R.check/r-devel-gcc/Work/build/Packages/MASS/libs/MASS.so: failed to map segment from shared object
    Execution halted
Flavor: r-devel-linux-x86_64-debian-gcc