CRAN Package Check Results for Package psych

Last updated on 2019-06-23 22:48:59 CEST.

Flavor Version Tinstall Tcheck Ttotal Status Flags
r-devel-linux-x86_64-debian-clang 1.8.12 42.75 342.32 385.07 NOTE
r-devel-linux-x86_64-debian-gcc 1.8.12 37.03 251.37 288.40 NOTE
r-devel-linux-x86_64-fedora-clang 1.8.12 440.08 NOTE
r-devel-linux-x86_64-fedora-gcc 1.8.12 428.25 NOTE
r-devel-windows-ix86+x86_64 1.8.12 83.00 387.00 470.00 NOTE
r-patched-linux-x86_64 1.8.12 41.29 335.57 376.86 OK
r-patched-solaris-x86 1.8.12 549.10 NOTE
r-release-linux-x86_64 1.8.12 44.67 320.34 365.01 ERROR
r-release-windows-ix86+x86_64 1.8.12 59.00 436.00 495.00 NOTE
r-release-osx-x86_64 1.8.12 NOTE
r-oldrel-windows-ix86+x86_64 1.8.12 54.00 452.00 506.00 NOTE
r-oldrel-osx-x86_64 1.8.12 NOTE

Check Details

Version: 1.8.12
Check: for non-standard things in the check directory
Result: NOTE
    Found the following files/directories:
     'test.ICLUST.graph.dot'
Flavors: r-devel-linux-x86_64-debian-clang, r-devel-linux-x86_64-debian-gcc, r-devel-linux-x86_64-fedora-clang, r-devel-linux-x86_64-fedora-gcc

Version: 1.8.12
Check: installed package size
Result: NOTE
     installed size is 6.4Mb
     sub-directories of 1Mb or more:
     R 1.7Mb
     doc 2.4Mb
Flavors: r-devel-linux-x86_64-fedora-clang, r-devel-windows-ix86+x86_64, r-patched-solaris-x86, r-release-windows-ix86+x86_64, r-release-osx-x86_64, r-oldrel-windows-ix86+x86_64, r-oldrel-osx-x86_64

Version: 1.8.12
Check: examples
Result: ERROR
    Running examples in ‘psych-Ex.R’ failed
    The error most likely occurred in:
    
    > base::assign(".ptime", proc.time(), pos = "CheckExEnv")
    > ### Name: glb.algebraic
    > ### Title: Find the greatest lower bound to reliability.
    > ### Aliases: glb.algebraic
    > ### Keywords: multivariate
    >
    > ### ** Examples
    >
    >
    > Cv<-matrix(c(215, 64, 33, 22,
    + 64, 97, 57, 25,
    + 33, 57,103, 36,
    + 22, 25, 36, 77),ncol=4)
    >
    > Cv # covariance matrix of a test with 4 subtests
     [,1] [,2] [,3] [,4]
    [1,] 215 64 33 22
    [2,] 64 97 57 25
    [3,] 33 57 103 36
    [4,] 22 25 36 77
    > Cr<-cov2cor(Cv) # Correlation matrix of tests
    > if(!require(Rcsdp)) {print("Rcsdp must be installed to find the glb.algebraic")} else {
    + glb.algebraic(Cv) # glb of total score
    + glb.algebraic(Cr) # glb of sum of standardized scores
    +
    + w<-c(1,2,2,1) # glb of weighted total score
    + glb.algebraic(diag(w) %*% Cv %*% diag(w))
    + alphas <- c(0.8,0,0,0) # Internal consistency of first test is known
    +
    + glb.algebraic(Cv,LoBounds=alphas*diag(Cv))
    +
    + # Fix all diagonal elements to 1 but the first:
    +
    + lb <- glb.algebraic(Cr,LoBounds=c(0,1,1,1),UpBounds=c(1,1,1,1))
    + lb$solution[1] # should be the same as the squared mult. corr.
    + smc(Cr)[1]
    + }
    Loading required package: Rcsdp
    Error in Rcsdp::csdp(C, A, opt, K) :
     BLAS/LAPACK routine 'DTRTI2' gave error code -5
    Calls: glb.algebraic -> <Anonymous>
    Execution halted
Flavor: r-release-linux-x86_64

Version: 1.8.12
Check: package dependencies
Result: NOTE
    Packages suggested but not available for checking: 'graph', 'Rgraphviz'
Flavor: r-release-osx-x86_64