Last updated on 2023-12-05 23:05:31 CET.
Flavor | Version | Tinstall | Tcheck | Ttotal | Status | Flags |
---|---|---|---|---|---|---|
r-devel-linux-x86_64-debian-clang | 0.11.5 | 1031.88 | 228.66 | 1260.54 | OK | |
r-devel-linux-x86_64-debian-gcc | 0.11.5 | 718.53 | 162.71 | 881.24 | OK | |
r-devel-linux-x86_64-fedora-clang | 0.11.5 | 1730.99 | OK | |||
r-devel-linux-x86_64-fedora-gcc | 0.11.5 | 1913.84 | OK | |||
r-devel-windows-x86_64 | 0.11.5 | 739.00 | 193.00 | 932.00 | OK | |
r-patched-linux-x86_64 | 0.11.5 | 652.68 | 213.33 | 866.01 | OK | |
r-release-linux-x86_64 | 0.11.5 | 702.34 | 215.53 | 917.87 | OK | |
r-release-macos-arm64 | 0.11.5 | 214.00 | NOTE | |||
r-release-macos-x86_64 | 0.11.5 | 251.00 | NOTE | |||
r-release-windows-x86_64 | 0.11.5 | 873.00 | 247.00 | 1120.00 | OK | |
r-oldrel-macos-arm64 | 0.11.5 | 242.00 | NOTE | |||
r-oldrel-macos-x86_64 | 0.11.5 | 453.00 | NOTE | |||
r-oldrel-windows-x86_64 | 0.11.5 | 897.00 | 241.00 | 1138.00 | OK |
Version: 0.11.5
Check: installed package size
Result: NOTE
installed size is 28.2Mb
sub-directories of 1Mb or more:
libs 27.1Mb
Flavors: r-release-macos-arm64, r-release-macos-x86_64, r-oldrel-macos-arm64, r-oldrel-macos-x86_64