Last updated on 2023-03-23 22:52:41 CET.
Flavor | Version | Tinstall | Tcheck | Ttotal | Status | Flags |
---|---|---|---|---|---|---|
r-devel-linux-x86_64-debian-clang | 2021.1.0 | 305.63 | 451.79 | 757.42 | NOTE | |
r-devel-linux-x86_64-debian-gcc | 2021.1.0 | 236.74 | 299.10 | 535.84 | NOTE | |
r-devel-linux-x86_64-fedora-clang | 2021.1.0 | 1084.76 | NOTE | |||
r-devel-linux-x86_64-fedora-gcc | 2021.1.0 | 935.38 | NOTE | |||
r-patched-linux-x86_64 | 2021.1.0 | 254.56 | 404.00 | 658.56 | OK | |
r-release-linux-x86_64 | 2021.1.0 | 256.89 | 403.38 | 660.27 | OK | |
r-release-macos-arm64 | 2021.1.0 | 217.00 | NOTE | |||
r-release-macos-x86_64 | 2021.1.0 | 275.00 | NOTE | |||
r-release-windows-x86_64 | 2021.1.0 | 549.00 | 654.00 | 1203.00 | OK | |
r-oldrel-macos-arm64 | 2021.1.0 | 204.00 | NOTE | |||
r-oldrel-macos-x86_64 | 2021.1.0 | 285.00 | NOTE | |||
r-oldrel-windows-ix86+x86_64 | 2021.1.0 | 759.00 | 594.00 | 1353.00 | OK |
Version: 2021.1.0
Check: C++ specification
Result: NOTE
Specified C++11: please drop specification unless essential
Flavors: r-devel-linux-x86_64-debian-clang, r-devel-linux-x86_64-debian-gcc, r-devel-linux-x86_64-fedora-clang, r-devel-linux-x86_64-fedora-gcc
Version: 2021.1.0
Check: installed package size
Result: NOTE
installed size is 7.9Mb
sub-directories of 1Mb or more:
libs 7.0Mb
Flavors: r-release-macos-arm64, r-release-macos-x86_64, r-oldrel-macos-arm64, r-oldrel-macos-x86_64