Last updated on 2023-02-05 22:59:30 CET.
Flavor | Version | Tinstall | Tcheck | Ttotal | Status | Flags |
---|---|---|---|---|---|---|
r-devel-linux-x86_64-debian-clang | 0.2.6 | 23.73 | 212.00 | 235.73 | OK | |
r-devel-linux-x86_64-debian-gcc | 0.2.6 | 18.06 | 155.38 | 173.44 | OK | |
r-devel-linux-x86_64-fedora-clang | 0.2.6 | 291.14 | OK | |||
r-devel-linux-x86_64-fedora-gcc | 0.2.6 | 278.64 | OK | |||
r-devel-windows-x86_64 | 0.2.6 | 62.00 | 293.00 | 355.00 | OK | |
r-patched-linux-x86_64 | 0.2.6 | 24.68 | 196.85 | 221.53 | OK | |
r-release-linux-x86_64 | 0.2.6 | 21.31 | 200.18 | 221.49 | OK | |
r-release-macos-arm64 | 0.2.6 | 188.00 | OK | |||
r-release-macos-x86_64 | 0.2.6 | 9.00 | ERROR | |||
r-release-windows-x86_64 | 0.2.6 | 51.00 | 288.00 | 339.00 | OK | |
r-oldrel-macos-arm64 | 0.2.6 | 9.00 | ERROR | |||
r-oldrel-macos-x86_64 | 0.2.6 | 12.00 | ERROR | |||
r-oldrel-windows-ix86+x86_64 | 0.2.6 | 48.00 | 284.00 | 332.00 | OK |
Version: 0.2.6
Check: package dependencies
Result: ERROR
Package required but not available: ‘muscle’
See section ‘The DESCRIPTION file’ in the ‘Writing R Extensions’
manual.
Flavors: r-release-macos-x86_64, r-oldrel-macos-arm64, r-oldrel-macos-x86_64