CRAN Package Check Results for Package purrrlyr

Last updated on 2023-11-28 23:04:44 CET.

Flavor Version Tinstall Tcheck Ttotal Status Flags
r-devel-linux-x86_64-debian-clang 0.0.8 46.43 52.55 98.98 NOTE
r-devel-linux-x86_64-debian-gcc 0.0.8 30.29 38.78 69.07 NOTE
r-devel-linux-x86_64-fedora-clang 0.0.8 145.41 NOTE
r-devel-linux-x86_64-fedora-gcc 0.0.8 134.30 NOTE
r-devel-windows-x86_64 0.0.8 40.00 76.00 116.00 NOTE
r-patched-linux-x86_64 0.0.8 48.16 49.81 97.97 NOTE
r-release-linux-x86_64 0.0.8 42.70 49.73 92.43 NOTE
r-release-macos-arm64 0.0.8 40.00 NOTE
r-release-macos-x86_64 0.0.8 65.00 NOTE
r-release-windows-x86_64 0.0.8 52.00 87.00 139.00 NOTE
r-oldrel-macos-arm64 0.0.8 44.00 OK
r-oldrel-macos-x86_64 0.0.8 64.00 OK
r-oldrel-windows-x86_64 0.0.8 48.00 88.00 136.00 OK

Check Details

Version: 0.0.8
Check: C++ specification
Result: NOTE Specified C++11: please drop specification unless essential Flavors: r-devel-linux-x86_64-debian-clang, r-devel-linux-x86_64-debian-gcc, r-devel-linux-x86_64-fedora-clang, r-devel-linux-x86_64-fedora-gcc, r-devel-windows-x86_64, r-patched-linux-x86_64, r-release-linux-x86_64, r-release-macos-arm64, r-release-macos-x86_64, r-release-windows-x86_64