CRAN Package Check Results for Package puzzle

Last updated on 2021-03-03 22:51:24 CET.

Flavor Version Tinstall Tcheck Ttotal Status Flags
r-devel-linux-x86_64-debian-clang 0.0.1 3.22 29.50 32.72 OK
r-devel-linux-x86_64-debian-gcc 0.0.1 2.95 23.04 25.99 OK
r-devel-linux-x86_64-fedora-clang 0.0.1 50.22 NOTE
r-devel-linux-x86_64-fedora-gcc 0.0.1 38.98 NOTE
r-devel-windows-ix86+x86_64 0.0.1 9.00 37.00 46.00 OK
r-patched-linux-x86_64 0.0.1 3.14 28.46 31.60 OK
r-patched-solaris-x86 0.0.1 60.20 NOTE
r-release-linux-x86_64 0.0.1 3.59 28.95 32.54 OK
r-release-macos-x86_64 0.0.1 NOTE
r-release-windows-ix86+x86_64 0.0.1 7.00 35.00 42.00 OK
r-oldrel-macos-x86_64 0.0.1 NOTE
r-oldrel-windows-ix86+x86_64 0.0.1 6.00 42.00 48.00 OK

Check Details

Version: 0.0.1
Check: dependencies in R code
Result: NOTE
    Namespaces in Imports field not imported from:
     ‘kableExtra’ ‘readr’ ‘tidyverse’
     All declared Imports should be used.
Flavors: r-devel-linux-x86_64-fedora-clang, r-devel-linux-x86_64-fedora-gcc, r-patched-solaris-x86, r-release-macos-x86_64, r-oldrel-macos-x86_64