Last updated on 2024-04-18 22:52:54 CEST.
Flavor | Version | Tinstall | Tcheck | Ttotal | Status | Flags |
---|---|---|---|---|---|---|
r-devel-linux-x86_64-debian-clang | 2.2.7 | 24.28 | 42.22 | 66.50 | NOTE | |
r-devel-linux-x86_64-debian-gcc | 2.2.7 | 18.47 | 32.16 | 50.63 | NOTE | |
r-devel-linux-x86_64-fedora-clang | 2.2.7 | 88.92 | NOTE | |||
r-devel-linux-x86_64-fedora-gcc | 2.2.7 | 100.30 | NOTE | |||
r-prerel-macos-arm64 | 2.2.7 | 34.00 | NOTE | |||
r-prerel-windows-x86_64 | 2.2.7 | 19.00 | 78.00 | 97.00 | NOTE | |
r-patched-linux-x86_64 | 2.2.7 | 25.84 | 39.37 | 65.21 | NOTE | |
r-release-linux-x86_64 | 2.2.7 | 25.95 | 38.15 | 64.10 | OK | |
r-release-macos-arm64 | 2.2.7 | 33.00 | OK | |||
r-release-macos-x86_64 | 2.2.7 | 59.00 | OK | |||
r-release-windows-x86_64 | 2.2.7 | 21.00 | 83.00 | 104.00 | OK | |
r-oldrel-macos-arm64 | 2.2.7 | 40.00 | OK | |||
r-oldrel-windows-x86_64 | 2.2.7 | 23.00 | 82.00 | 105.00 | OK |
Version: 2.2.7
Check: Rd files
Result: NOTE
checkRd: (-1) DataSets.Rd:10: Lost braces; missing escapes or markup?
10 | \format{the \code{PvarQuantileDF} is a \code{data.frame} with fields \code{prob} an {Qaunt}.
| ^
Flavors: r-devel-linux-x86_64-debian-clang, r-devel-linux-x86_64-debian-gcc, r-devel-linux-x86_64-fedora-clang, r-devel-linux-x86_64-fedora-gcc, r-prerel-macos-arm64, r-prerel-windows-x86_64, r-patched-linux-x86_64