Last updated on 2023-12-02 21:40:06 CET.
Flavor | Version | Tinstall | Tcheck | Ttotal | Status | Flags |
---|---|---|---|---|---|---|
r-devel-linux-x86_64-debian-clang | 2.1 | 21.44 | 168.75 | 190.19 | NOTE | |
r-devel-linux-x86_64-debian-gcc | 2.1 | 15.16 | 125.35 | 140.51 | NOTE | |
r-devel-linux-x86_64-fedora-clang | 2.1 | 228.63 | OK | |||
r-devel-linux-x86_64-fedora-gcc | 2.1 | 223.97 | OK | |||
r-devel-windows-x86_64 | 2.1 | 16.00 | 138.00 | 154.00 | OK | |
r-patched-linux-x86_64 | 2.1 | 14.92 | 162.45 | 177.37 | OK | |
r-release-linux-x86_64 | 2.1 | 12.03 | 160.72 | 172.75 | OK | |
r-release-macos-arm64 | 2.1 | 67.00 | OK | |||
r-release-macos-x86_64 | 2.1 | 134.00 | OK | |||
r-release-windows-x86_64 | 2.1 | 20.00 | 171.00 | 191.00 | OK | |
r-oldrel-macos-arm64 | 2.1 | 67.00 | OK | |||
r-oldrel-macos-x86_64 | 2.1 | 95.00 | OK | |||
r-oldrel-windows-x86_64 | 2.1 | 20.00 | 172.00 | 192.00 | OK |
Version: 2.1
Check: Rd files
Result: NOTE
checkRd: (-1) srswrRe.Rd:10: Lost braces
10 | \item{listRanef}{{\emph{ranef(model)}} object where {\emph{model}} is an { \emph{lmer}} object.}
| ^
Flavors: r-devel-linux-x86_64-debian-clang, r-devel-linux-x86_64-debian-gcc