Last updated on 2024-03-28 23:01:54 CET.
Flavor | Version | Tinstall | Tcheck | Ttotal | Status | Flags |
---|---|---|---|---|---|---|
r-devel-linux-x86_64-debian-clang | 1.2.1 | 4.88 | 60.26 | 65.14 | NOTE | |
r-devel-linux-x86_64-debian-gcc | 1.2.1 | 4.14 | 44.41 | 48.55 | NOTE | |
r-devel-linux-x86_64-fedora-clang | 1.2.1 | 79.59 | NOTE | |||
r-devel-linux-x86_64-fedora-gcc | 1.2.1 | 89.92 | NOTE | |||
r-devel-windows-x86_64 | 1.2.1 | 5.00 | 74.00 | 79.00 | NOTE | |
r-patched-linux-x86_64 | 1.2.1 | 6.17 | 56.21 | 62.38 | NOTE | |
r-release-linux-x86_64 | 1.2.1 | 4.14 | 56.54 | 60.68 | NOTE | |
r-release-macos-arm64 | 1.2.1 | 38.00 | NOTE | |||
r-release-macos-x86_64 | 1.2.1 | 52.00 | NOTE | |||
r-release-windows-x86_64 | 1.2.1 | 6.00 | 80.00 | 86.00 | NOTE | |
r-oldrel-macos-arm64 | 1.2.1 | 26.00 | NOTE | |||
r-oldrel-windows-x86_64 | 1.2.1 | 8.00 | 78.00 | 86.00 | NOTE |
Version: 1.2.1
Check: LazyData
Result: NOTE
'LazyData' is specified without a 'data' directory
Flavors: r-devel-linux-x86_64-debian-clang, r-devel-linux-x86_64-debian-gcc, r-devel-linux-x86_64-fedora-clang, r-devel-linux-x86_64-fedora-gcc, r-devel-windows-x86_64, r-patched-linux-x86_64, r-release-linux-x86_64, r-release-macos-arm64, r-release-macos-x86_64, r-release-windows-x86_64, r-oldrel-macos-arm64, r-oldrel-windows-x86_64