CRAN Package Check Results for Package qlcMatrix

Last updated on 2019-06-16 22:49:35 CEST.

Flavor Version Tinstall Tcheck Ttotal Status Flags
r-devel-linux-x86_64-debian-clang 0.9.7 7.85 94.56 102.41 OK
r-devel-linux-x86_64-debian-gcc 0.9.7 6.91 76.18 83.09 OK
r-devel-linux-x86_64-fedora-clang 0.9.7 120.59 NOTE
r-devel-linux-x86_64-fedora-gcc 0.9.7 114.70 NOTE
r-devel-windows-ix86+x86_64 0.9.7 19.00 140.00 159.00 OK
r-patched-linux-x86_64 0.9.7 8.65 91.67 100.32 OK
r-patched-solaris-x86 0.9.7 197.80 NOTE
r-release-linux-x86_64 0.9.7 7.87 91.19 99.06 OK
r-release-windows-ix86+x86_64 0.9.7 15.00 151.00 166.00 OK
r-release-osx-x86_64 0.9.7 NOTE
r-oldrel-windows-ix86+x86_64 0.9.7 9.00 132.00 141.00 OK
r-oldrel-osx-x86_64 0.9.7 NOTE

Check Details

Version: 0.9.7
Check: data for non-ASCII characters
Result: NOTE
     Note: found 76102 marked UTF-8 strings
Flavors: r-devel-linux-x86_64-fedora-clang, r-devel-linux-x86_64-fedora-gcc, r-patched-solaris-x86, r-release-osx-x86_64, r-oldrel-osx-x86_64