CRAN Package Check Results for Package qlcMatrix

Last updated on 2020-07-11 22:50:12 CEST.

Flavor Version Tinstall Tcheck Ttotal Status Flags
r-devel-linux-x86_64-debian-clang 0.9.7 8.53 104.62 113.15 OK
r-devel-linux-x86_64-debian-gcc 0.9.7 8.22 83.71 91.93 OK
r-devel-linux-x86_64-fedora-gcc 0.9.7 133.97 NOTE
r-devel-windows-ix86+x86_64 0.9.7 14.00 156.00 170.00 OK
r-patched-linux-x86_64 0.9.7 8.52 99.55 108.07 OK
r-patched-solaris-x86 0.9.7 206.80 NOTE
r-release-linux-x86_64 0.9.7 8.06 101.12 109.18 OK
r-release-macos-x86_64 0.9.7 NOTE
r-release-windows-ix86+x86_64 0.9.7 21.00 112.00 133.00 OK
r-oldrel-macos-x86_64 0.9.7 NOTE
r-oldrel-windows-ix86+x86_64 0.9.7 21.00 108.00 129.00 OK

Check Details

Version: 0.9.7
Check: data for non-ASCII characters
Result: NOTE
     Note: found 76102 marked UTF-8 strings
Flavors: r-devel-linux-x86_64-fedora-gcc, r-patched-solaris-x86, r-release-macos-x86_64, r-oldrel-macos-x86_64