CRAN Package Check Results for Package qpdf

Last updated on 2019-12-09 22:51:22 CET.

Flavor Version Tinstall Tcheck Ttotal Status Flags
r-devel-linux-x86_64-debian-clang 1.1 139.05 26.38 165.43 OK
r-devel-linux-x86_64-debian-gcc 1.1 101.05 20.53 121.58 OK
r-devel-linux-x86_64-fedora-clang 1.1 272.69 NOTE
r-devel-linux-x86_64-fedora-gcc 1.1 228.17 OK
r-devel-windows-ix86+x86_64 1.1 270.00 96.00 366.00 OK
r-devel-windows-ix86+x86_64-gcc8 1.1 289.00 95.00 384.00 OK
r-patched-linux-x86_64 1.1 110.45 23.87 134.32 OK
r-patched-solaris-x86 1.1 191.90 OK
r-release-linux-x86_64 1.1 107.62 23.53 131.15 OK
r-release-windows-ix86+x86_64 1.1 277.00 72.00 349.00 OK
r-release-osx-x86_64 1.1 NOTE
r-oldrel-windows-ix86+x86_64 1.1 257.00 67.00 324.00 OK
r-oldrel-osx-x86_64 1.1 NOTE

Check Details

Version: 1.1
Check: installed package size
Result: NOTE
     installed size is 14.4Mb
     sub-directories of 1Mb or more:
     libs 14.3Mb
Flavors: r-devel-linux-x86_64-fedora-clang, r-release-osx-x86_64, r-oldrel-osx-x86_64