CRAN Package Check Results for Package qpdf

Last updated on 2019-08-21 22:48:47 CEST.

Flavor Version Tinstall Tcheck Ttotal Status Flags
r-devel-linux-x86_64-debian-clang 1.1 117.93 23.18 141.11 OK
r-devel-linux-x86_64-debian-gcc 1.1 OK
r-devel-linux-x86_64-fedora-clang 1.1 268.86 NOTE
r-devel-linux-x86_64-fedora-gcc 1.1 224.55 OK
r-devel-windows-ix86+x86_64 1.1 385.00 65.00 450.00 OK
r-patched-linux-x86_64 1.1 109.76 23.42 133.18 OK
r-patched-solaris-x86 1.1 193.00 OK
r-release-linux-x86_64 1.1 111.87 23.31 135.18 OK
r-release-windows-ix86+x86_64 1.1 249.00 61.00 310.00 OK
r-release-osx-x86_64 1.1 NOTE
r-oldrel-windows-ix86+x86_64 1.1 360.00 83.00 443.00 OK
r-oldrel-osx-x86_64 1.1 NOTE

Check Details

Version: 1.1
Check: installed package size
Result: NOTE
     installed size is 14.4Mb
     sub-directories of 1Mb or more:
     libs 14.3Mb
Flavors: r-devel-linux-x86_64-fedora-clang, r-release-osx-x86_64, r-oldrel-osx-x86_64