Last updated on 2023-11-30 22:59:09 CET.
Flavor | Version | Tinstall | Tcheck | Ttotal | Status | Flags |
---|---|---|---|---|---|---|
r-devel-linux-x86_64-debian-clang | 0.25.5 | 37.14 | 502.17 | 539.31 | WARN | |
r-devel-linux-x86_64-debian-gcc | 0.25.6 | 40.96 | 431.12 | 472.08 | OK | |
r-devel-linux-x86_64-fedora-clang | 0.25.6 | 661.01 | WARN | |||
r-devel-linux-x86_64-fedora-gcc | 0.25.6 | 705.28 | OK | |||
r-devel-windows-x86_64 | 0.25.6 | 70.00 | 347.00 | 417.00 | OK | |
r-patched-linux-x86_64 | 0.25.6 | 51.07 | 500.55 | 551.62 | OK | |
r-release-linux-x86_64 | 0.25.5 | 44.00 | 503.89 | 547.89 | OK | |
r-release-macos-arm64 | 0.25.6 | 252.00 | NOTE | |||
r-release-macos-x86_64 | 0.25.5 | 435.00 | NOTE | |||
r-release-windows-x86_64 | 0.25.6 | 78.00 | 407.00 | 485.00 | OK | |
r-oldrel-macos-arm64 | 0.25.6 | 236.00 | NOTE | |||
r-oldrel-macos-x86_64 | 0.25.5 | 287.00 | NOTE | |||
r-oldrel-windows-x86_64 | 0.25.6 | 67.00 | 378.00 | 445.00 | OK |
Version: 0.25.5
Check: whether package can be installed
Result: WARN
Found the following significant warnings:
RcppExports.cpp:43:18: warning: format string is not a string literal (potentially insecure) [-Wformat-security]
RcppExports.cpp:76:18: warning: format string is not a string literal (potentially insecure) [-Wformat-security]
RcppExports.cpp:109:18: warning: format string is not a string literal (potentially insecure) [-Wformat-security]
RcppExports.cpp:143:18: warning: format string is not a string literal (potentially insecure) [-Wformat-security]
RcppExports.cpp:176:18: warning: format string is not a string literal (potentially insecure) [-Wformat-security]
RcppExports.cpp:210:18: warning: format string is not a string literal (potentially insecure) [-Wformat-security]
RcppExports.cpp:243:18: warning: format string is not a string literal (potentially insecure) [-Wformat-security]
RcppExports.cpp:277:18: warning: format string is not a string literal (potentially insecure) [-Wformat-security]
RcppExports.cpp:311:18: warning: format string is not a string literal (potentially insecure) [-Wformat-security]
RcppExports.cpp:344:18: warning: format string is not a string literal (potentially insecure) [-Wformat-security]
RcppExports.cpp:377:18: warning: format string is not a string literal (potentially insecure) [-Wformat-security]
RcppExports.cpp:410:18: warning: format string is not a string literal (potentially insecure) [-Wformat-security]
RcppExports.cpp:443:18: warning: format string is not a string literal (potentially insecure) [-Wformat-security]
RcppExports.cpp:476:18: warning: format string is not a string literal (potentially insecure) [-Wformat-security]
RcppExports.cpp:508:18: warning: format string is not a string literal (potentially insecure) [-Wformat-security]
RcppExports.cpp:548:18: warning: format string is not a string literal (potentially insecure) [-Wformat-security]
RcppExports.cpp:588:18: warning: format string is not a string literal (potentially insecure) [-Wformat-security]
RcppExports.cpp:627:18: warning: format string is not a string literal (potentially insecure) [-Wformat-security]
RcppExports.cpp:666:18: warning: format string is not a string literal (potentially insecure) [-Wformat-security]
RcppExports.cpp:704:18: warning: format string is not a string literal (potentially insecure) [-Wformat-security]
RcppExports.cpp:742:18: warning: format string is not a string literal (potentially insecure) [-Wformat-security]
RcppExports.cpp:778:18: warning: format string is not a string literal (potentially insecure) [-Wformat-security]
RcppExports.cpp:814:18: warning: format string is not a string literal (potentially insecure) [-Wformat-security]
RcppExports.cpp:850:18: warning: format string is not a string literal (potentially insecure) [-Wformat-security]
RcppExports.cpp:885:18: warning: format string is not a string literal (potentially insecure) [-Wformat-security]
RcppExports.cpp:920:18: warning: format string is not a string literal (potentially insecure) [-Wformat-security]
RcppExports.cpp:956:18: warning: format string is not a string literal (potentially insecure) [-Wformat-security]
RcppExports.cpp:991:18: warning: format string is not a string literal (potentially insecure) [-Wformat-security]
RcppExports.cpp:1026:18: warning: format string is not a string literal (potentially insecure) [-Wformat-security]
RcppExports.cpp:1059:18: warning: format string is not a string literal (potentially insecure) [-Wformat-security]
RcppExports.cpp:1093:18: warning: format string is not a string literal (potentially insecure) [-Wformat-security]
RcppExports.cpp:1127:18: warning: format string is not a string literal (potentially insecure) [-Wformat-security]
RcppExports.cpp:1160:18: warning: format string is not a string literal (potentially insecure) [-Wformat-security]
RcppExports.cpp:1194:18: warning: format string is not a string literal (potentially insecure) [-Wformat-security]
RcppExports.cpp:1228:18: warning: format string is not a string literal (potentially insecure) [-Wformat-security]
RcppExports.cpp:1262:18: warning: format string is not a string literal (potentially insecure) [-Wformat-security]
RcppExports.cpp:1295:18: warning: format string is not a string literal (potentially insecure) [-Wformat-security]
RcppExports.cpp:1329:18: warning: format string is not a string literal (potentially insecure) [-Wformat-security]
RcppExports.cpp:1363:18: warning: format string is not a string literal (potentially insecure) [-Wformat-security]
RcppExports.cpp:1396:18: warning: format string is not a string literal (potentially insecure) [-Wformat-security]
See ‘/home/hornik/tmp/R.check/r-devel-clang/Work/PKGS/qs.Rcheck/00install.out’ for details.
* used C++ compiler: ‘Debian clang version 17.0.5 (1)’
Flavor: r-devel-linux-x86_64-debian-clang
Version: 0.25.6
Check: whether package can be installed
Result: WARN
Found the following significant warnings:
RcppExports.cpp:43:18: warning: format string is not a string literal (potentially insecure) [-Wformat-security]
RcppExports.cpp:76:18: warning: format string is not a string literal (potentially insecure) [-Wformat-security]
RcppExports.cpp:109:18: warning: format string is not a string literal (potentially insecure) [-Wformat-security]
RcppExports.cpp:143:18: warning: format string is not a string literal (potentially insecure) [-Wformat-security]
RcppExports.cpp:176:18: warning: format string is not a string literal (potentially insecure) [-Wformat-security]
RcppExports.cpp:210:18: warning: format string is not a string literal (potentially insecure) [-Wformat-security]
RcppExports.cpp:243:18: warning: format string is not a string literal (potentially insecure) [-Wformat-security]
RcppExports.cpp:277:18: warning: format string is not a string literal (potentially insecure) [-Wformat-security]
RcppExports.cpp:311:18: warning: format string is not a string literal (potentially insecure) [-Wformat-security]
RcppExports.cpp:344:18: warning: format string is not a string literal (potentially insecure) [-Wformat-security]
RcppExports.cpp:377:18: warning: format string is not a string literal (potentially insecure) [-Wformat-security]
RcppExports.cpp:410:18: warning: format string is not a string literal (potentially insecure) [-Wformat-security]
RcppExports.cpp:443:18: warning: format string is not a string literal (potentially insecure) [-Wformat-security]
RcppExports.cpp:476:18: warning: format string is not a string literal (potentially insecure) [-Wformat-security]
RcppExports.cpp:508:18: warning: format string is not a string literal (potentially insecure) [-Wformat-security]
RcppExports.cpp:548:18: warning: format string is not a string literal (potentially insecure) [-Wformat-security]
RcppExports.cpp:588:18: warning: format string is not a string literal (potentially insecure) [-Wformat-security]
RcppExports.cpp:627:18: warning: format string is not a string literal (potentially insecure) [-Wformat-security]
RcppExports.cpp:666:18: warning: format string is not a string literal (potentially insecure) [-Wformat-security]
RcppExports.cpp:704:18: warning: format string is not a string literal (potentially insecure) [-Wformat-security]
RcppExports.cpp:742:18: warning: format string is not a string literal (potentially insecure) [-Wformat-security]
RcppExports.cpp:778:18: warning: format string is not a string literal (potentially insecure) [-Wformat-security]
RcppExports.cpp:814:18: warning: format string is not a string literal (potentially insecure) [-Wformat-security]
RcppExports.cpp:850:18: warning: format string is not a string literal (potentially insecure) [-Wformat-security]
RcppExports.cpp:885:18: warning: format string is not a string literal (potentially insecure) [-Wformat-security]
RcppExports.cpp:920:18: warning: format string is not a string literal (potentially insecure) [-Wformat-security]
RcppExports.cpp:956:18: warning: format string is not a string literal (potentially insecure) [-Wformat-security]
RcppExports.cpp:991:18: warning: format string is not a string literal (potentially insecure) [-Wformat-security]
RcppExports.cpp:1026:18: warning: format string is not a string literal (potentially insecure) [-Wformat-security]
RcppExports.cpp:1059:18: warning: format string is not a string literal (potentially insecure) [-Wformat-security]
RcppExports.cpp:1093:18: warning: format string is not a string literal (potentially insecure) [-Wformat-security]
RcppExports.cpp:1127:18: warning: format string is not a string literal (potentially insecure) [-Wformat-security]
RcppExports.cpp:1160:18: warning: format string is not a string literal (potentially insecure) [-Wformat-security]
RcppExports.cpp:1194:18: warning: format string is not a string literal (potentially insecure) [-Wformat-security]
RcppExports.cpp:1228:18: warning: format string is not a string literal (potentially insecure) [-Wformat-security]
RcppExports.cpp:1262:18: warning: format string is not a string literal (potentially insecure) [-Wformat-security]
RcppExports.cpp:1295:18: warning: format string is not a string literal (potentially insecure) [-Wformat-security]
RcppExports.cpp:1329:18: warning: format string is not a string literal (potentially insecure) [-Wformat-security]
RcppExports.cpp:1363:18: warning: format string is not a string literal (potentially insecure) [-Wformat-security]
RcppExports.cpp:1396:18: warning: format string is not a string literal (potentially insecure) [-Wformat-security]
See ‘/data/gannet/ripley/R/packages/tests-clang/qs.Rcheck/00install.out’ for details.
* used C++ compiler: ‘clang version 17.0.5’
Flavor: r-devel-linux-x86_64-fedora-clang
Version: 0.25.6
Check: installed package size
Result: NOTE
installed size is 12.7Mb
sub-directories of 1Mb or more:
doc 1.1Mb
libs 11.3Mb
Flavors: r-release-macos-arm64, r-oldrel-macos-arm64
Version: 0.25.5
Check: installed package size
Result: NOTE
installed size is 13.0Mb
sub-directories of 1Mb or more:
doc 1.1Mb
libs 11.6Mb
Flavors: r-release-macos-x86_64, r-oldrel-macos-x86_64