Last updated on 2024-04-25 22:49:18 CEST.
Flavor | Version | Tinstall | Tcheck | Ttotal | Status | Flags |
---|---|---|---|---|---|---|
r-devel-linux-x86_64-debian-clang | 0.26.1 | 43.62 | 478.79 | 522.41 | NOTE | |
r-devel-linux-x86_64-debian-gcc | 0.26.1 | 50.67 | 401.82 | 452.49 | NOTE | |
r-devel-linux-x86_64-fedora-clang | 0.26.1 | 664.21 | NOTE | |||
r-devel-linux-x86_64-fedora-gcc | 0.26.1 | 707.33 | NOTE | |||
r-devel-windows-x86_64 | 0.26.1 | 93.00 | 382.00 | 475.00 | OK | |
r-patched-linux-x86_64 | 0.26.1 | 55.39 | 482.46 | 537.85 | OK | |
r-release-linux-x86_64 | 0.26.1 | 52.46 | 491.70 | 544.16 | OK | |
r-release-macos-arm64 | 0.26.1 | 243.00 | NOTE | |||
r-release-macos-x86_64 | 0.26.1 | 546.00 | NOTE | |||
r-release-windows-x86_64 | 0.26.1 | 93.00 | 381.00 | 474.00 | OK | |
r-oldrel-macos-arm64 | 0.26.1 | 265.00 | NOTE | |||
r-oldrel-macos-x86_64 | 0.26.1 | 481.00 | NOTE | |||
r-oldrel-windows-x86_64 | 0.26.1 | 113.00 | 505.00 | 618.00 | OK |
Version: 0.26.1
Check: compiled code
Result: NOTE
File ‘qs/libs/qs.so’:
Found non-API calls to R: ‘SETLEVELS’, ‘SET_ENCLOS’, ‘SET_FRAME’,
‘SET_HASHTAB’, ‘SET_PRENV’, ‘SET_S4_OBJECT’, ‘SET_TRUELENGTH’
Compiled code should not call non-API entry points in R.
See ‘Writing portable packages’ in the ‘Writing R Extensions’ manual.
Flavors: r-devel-linux-x86_64-debian-clang, r-devel-linux-x86_64-debian-gcc, r-devel-linux-x86_64-fedora-clang, r-devel-linux-x86_64-fedora-gcc
Version: 0.26.1
Check: installed package size
Result: NOTE
installed size is 13.0Mb
sub-directories of 1Mb or more:
doc 1.1Mb
libs 11.7Mb
Flavors: r-release-macos-arm64, r-release-macos-x86_64, r-oldrel-macos-arm64, r-oldrel-macos-x86_64