Last updated on 2023-11-30 22:59:09 CET.
Flavor | Version | Tinstall | Tcheck | Ttotal | Status | Flags |
---|---|---|---|---|---|---|
r-devel-linux-x86_64-debian-clang | 0.32 | 903.07 | 270.86 | 1173.93 | WARN | |
r-devel-linux-x86_64-debian-gcc | 0.34 | 626.54 | 202.82 | 829.36 | OK | |
r-devel-linux-x86_64-fedora-clang | 0.34 | 1880.61 | NOTE | |||
r-devel-linux-x86_64-fedora-gcc | 0.34 | 1893.79 | OK | |||
r-devel-windows-x86_64 | 0.34 | 498.00 | 262.00 | 760.00 | NOTE | |
r-patched-linux-x86_64 | 0.34 | 761.80 | 257.90 | 1019.70 | OK | |
r-release-linux-x86_64 | 0.32 | 768.21 | 256.45 | 1024.66 | OK | |
r-release-macos-arm64 | 0.34 | 284.00 | NOTE | |||
r-release-macos-x86_64 | 0.32 | 364.00 | NOTE | |||
r-release-windows-x86_64 | 0.34 | 603.00 | 307.00 | 910.00 | NOTE | |
r-oldrel-macos-arm64 | 0.34 | 278.00 | NOTE | |||
r-oldrel-macos-x86_64 | 0.32 | 409.00 | NOTE | |||
r-oldrel-windows-x86_64 | 0.34 | 520.00 | 258.00 | 778.00 | NOTE |
Version: 0.32
Check: whether package can be installed
Result: WARN
Found the following significant warnings:
r_message.cpp:15:16: warning: format string is not a string literal (potentially insecure) [-Wformat-security]
See ‘/home/hornik/tmp/R.check/r-devel-clang/Work/PKGS/qtl2.Rcheck/00install.out’ for details.
* used C++ compiler: ‘Debian clang version 17.0.5 (1)’
Flavor: r-devel-linux-x86_64-debian-clang
Version: 0.34
Check: installed package size
Result: NOTE
installed size is 6.4Mb
sub-directories of 1Mb or more:
extdata 3.3Mb
libs 1.7Mb
Flavors: r-devel-linux-x86_64-fedora-clang, r-devel-windows-x86_64, r-release-macos-arm64, r-release-windows-x86_64, r-oldrel-macos-arm64, r-oldrel-windows-x86_64
Version: 0.32
Check: installed package size
Result: NOTE
installed size is 37.4Mb
sub-directories of 1Mb or more:
extdata 3.3Mb
libs 32.8Mb
Flavors: r-release-macos-x86_64, r-oldrel-macos-x86_64