CRAN Package Check Results for Package qtlDesign

Last updated on 2017-11-24 22:51:31 CET.

Flavor Version Tinstall Tcheck Ttotal Status Flags
r-devel-linux-x86_64-debian-clang 0.941 0.90 36.26 37.16 NOTE
r-devel-linux-x86_64-debian-gcc 0.941 0.78 33.52 34.30 NOTE
r-devel-linux-x86_64-fedora-clang 0.941 21.22 NOTE
r-devel-linux-x86_64-fedora-gcc 0.941 20.15 NOTE
r-devel-windows-ix86+x86_64 0.941 5.00 51.00 56.00 NOTE
r-patched-linux-x86_64 0.941 0.78 35.31 36.09 NOTE
r-patched-solaris-x86 0.941 30.10 NOTE
r-release-linux-x86_64 0.941 1.02 38.31 39.33 NOTE
r-release-windows-ix86+x86_64 0.941 3.00 28.00 31.00 NOTE
r-release-osx-x86_64 0.941 NOTE
r-oldrel-windows-ix86+x86_64 0.941 3.00 27.00 30.00 NOTE
r-oldrel-osx-x86_64 0.941 NOTE

Check Details

Version: 0.941
Check: DESCRIPTION meta-information
Result: NOTE
    Malformed Description field: should contain one or more complete sentences.
Flavors: r-devel-linux-x86_64-debian-clang, r-devel-linux-x86_64-debian-gcc, r-devel-linux-x86_64-fedora-clang, r-devel-linux-x86_64-fedora-gcc, r-devel-windows-ix86+x86_64, r-patched-linux-x86_64, r-patched-solaris-x86, r-release-linux-x86_64, r-release-windows-ix86+x86_64, r-release-osx-x86_64, r-oldrel-windows-ix86+x86_64, r-oldrel-osx-x86_64

Version: 0.941
Check: R code for possible problems
Result: NOTE
    ci.length: no visible global function definition for ‘qexp’
    detectable.bc: no visible global function definition for ‘uniroot’
    detectable.f2: no visible global function definition for ‘uniroot’
    detectable.ri: no visible global function definition for ‘uniroot’
    nu: no visible global function definition for ‘pnorm’
    nullinfo: no visible global function definition for ‘qnorm’
    nullinfo: no visible global function definition for ‘dnorm’
    optselection.bc: no visible global function definition for ‘optimize’
    optselection.f2: no visible global function definition for ‘optimize’
    optspacing.bc: no visible global function definition for ‘optim’
    optspacing.bc: no visible global function definition for ‘optimize’
    optspacing.f2: no visible global function definition for ‘optim’
    optspacing.f2: no visible global function definition for ‘optimize’
    powercalc.bc: no visible global function definition for ‘pchisq’
    powercalc.f2: no visible global function definition for ‘pchisq’
    samplesize.bc: no visible global function definition for ‘uniroot’
    samplesize.f2: no visible global function definition for ‘uniroot’
    samplesize.ri: no visible global function definition for ‘uniroot’
    tailprob: no visible global function definition for ‘pchisq’
    thresh: no visible global function definition for ‘uniroot’
    Undefined global functions or variables:
     dnorm optim optimize pchisq pnorm qexp qnorm uniroot
    Consider adding
     importFrom("stats", "dnorm", "optim", "optimize", "pchisq", "pnorm",
     "qexp", "qnorm", "uniroot")
    to your NAMESPACE file.
Flavors: r-devel-linux-x86_64-debian-clang, r-devel-linux-x86_64-debian-gcc, r-devel-linux-x86_64-fedora-clang, r-devel-linux-x86_64-fedora-gcc, r-devel-windows-ix86+x86_64, r-patched-linux-x86_64, r-patched-solaris-x86, r-release-linux-x86_64, r-release-windows-ix86+x86_64, r-release-osx-x86_64, r-oldrel-windows-ix86+x86_64, r-oldrel-osx-x86_64