Last updated on 2023-12-08 21:58:41 CET.
Flavor | Version | Tinstall | Tcheck | Ttotal | Status | Flags |
---|---|---|---|---|---|---|
r-devel-linux-x86_64-debian-clang | 0.1.0 | 2.98 | 25.49 | 28.47 | OK | |
r-devel-linux-x86_64-debian-gcc | 0.1.0 | 2.48 | 20.25 | 22.73 | OK | |
r-devel-linux-x86_64-fedora-clang | 0.1.0 | 37.33 | NOTE | |||
r-devel-linux-x86_64-fedora-gcc | 0.1.0 | 34.22 | NOTE | |||
r-devel-windows-x86_64 | 0.1.0 | 5.00 | 43.00 | 48.00 | OK | |
r-patched-linux-x86_64 | 0.1.0 | 3.34 | 25.61 | 28.95 | OK | |
r-release-linux-x86_64 | 0.1.0 | 2.92 | 24.89 | 27.81 | OK | |
r-release-macos-arm64 | 0.1.0 | 18.00 | OK | |||
r-release-macos-x86_64 | 0.1.0 | 25.00 | OK | |||
r-release-windows-x86_64 | 0.1.0 | 4.00 | 43.00 | 47.00 | OK | |
r-oldrel-macos-arm64 | 0.1.0 | 17.00 | OK | |||
r-oldrel-macos-x86_64 | 0.1.0 | 23.00 | NOTE | |||
r-oldrel-windows-x86_64 | 0.1.0 | 6.00 | 48.00 | 54.00 | OK |
Version: 0.1.0
Check: data for non-ASCII characters
Result: NOTE
Note: found 12928 marked UTF-8 strings
Flavors: r-devel-linux-x86_64-fedora-clang, r-devel-linux-x86_64-fedora-gcc, r-oldrel-macos-x86_64