Last updated on 2023-02-05 22:59:30 CET.
Flavor | Version | Tinstall | Tcheck | Ttotal | Status | Flags |
---|---|---|---|---|---|---|
r-devel-linux-x86_64-debian-clang | 0.2-10 | 134.50 | 190.42 | 324.92 | OK | |
r-devel-linux-x86_64-debian-gcc | 0.2-10 | 98.36 | 134.17 | 232.53 | OK | |
r-devel-linux-x86_64-fedora-clang | 0.2-10 | 422.70 | OK | |||
r-devel-linux-x86_64-fedora-gcc | 0.2-10 | 402.69 | OK | |||
r-devel-windows-x86_64 | 0.2-10 | 118.00 | 235.00 | 353.00 | OK | |
r-patched-linux-x86_64 | 0.2-10 | 104.48 | 176.62 | 281.10 | OK | |
r-release-linux-x86_64 | 0.2-10 | 105.84 | 182.67 | 288.51 | OK | |
r-release-macos-arm64 | 0.2-10 | 90.00 | NOTE | |||
r-release-macos-x86_64 | 0.2-10 | 162.00 | NOTE | |||
r-release-windows-x86_64 | 0.2-10 | 235.00 | 238.00 | 473.00 | OK | |
r-oldrel-macos-arm64 | 0.2-10 | 84.00 | NOTE | |||
r-oldrel-macos-x86_64 | 0.2-10 | 161.00 | NOTE | |||
r-oldrel-windows-ix86+x86_64 | 0.2-10 | 295.00 | 407.00 | 702.00 | OK |
Version: 0.2-10
Check: installed package size
Result: NOTE
installed size is 8.3Mb
sub-directories of 1Mb or more:
libs 7.9Mb
Flavors: r-release-macos-arm64, r-release-macos-x86_64, r-oldrel-macos-arm64, r-oldrel-macos-x86_64