CRAN Package Check Results for Package quanteda

Last updated on 2023-03-19 22:57:43 CET.

Flavor Version Tinstall Tcheck Ttotal Status Flags
r-devel-linux-x86_64-debian-clang 3.2.4 ERROR
r-devel-linux-x86_64-debian-gcc 3.2.4 185.75 225.37 411.12 ERROR
r-devel-linux-x86_64-fedora-clang 3.2.4 740.11 ERROR
r-devel-linux-x86_64-fedora-gcc 3.2.4 725.51 ERROR
r-patched-linux-x86_64 3.2.4 200.19 267.75 467.94 ERROR
r-release-linux-x86_64 3.2.4 203.54 273.45 476.99 ERROR
r-release-macos-arm64 3.2.4 161.00 NOTE
r-release-macos-x86_64 3.2.4 224.00 NOTE
r-release-windows-x86_64 3.2.4 362.00 375.00 737.00 OK
r-oldrel-macos-arm64 3.2.4 172.00 NOTE
r-oldrel-macos-x86_64 3.2.4 220.00 NOTE
r-oldrel-windows-ix86+x86_64 3.2.4 567.00 560.00 1127.00 NOTE

Additional issues

noSuggests

Check Details

Version: 3.2.4
Check: package dependencies
Result: NOTE
    Package suggested but not available for checking: ‘quanteda.textmodels’
Flavors: r-devel-linux-x86_64-debian-clang, r-devel-linux-x86_64-debian-gcc, r-devel-linux-x86_64-fedora-clang, r-devel-linux-x86_64-fedora-gcc, r-patched-linux-x86_64, r-release-linux-x86_64

Version: 3.2.4
Check: C++ specification
Result: NOTE
     Specified C++11: please drop specification unless essential
Flavors: r-devel-linux-x86_64-debian-clang, r-devel-linux-x86_64-debian-gcc, r-devel-linux-x86_64-fedora-clang, r-devel-linux-x86_64-fedora-gcc

Version: 3.2.4
Check: re-building of vignette outputs
Result: ERROR
    Error(s) in re-building vignettes:
     ...
    --- re-building ‘quickstart.Rmd’ using rmarkdown
    Quitting from lines 481-486 (quickstart.Rmd)
    Error: processing vignette ‘quickstart.Rmd’ failed with diagnostics:
    object ‘data_corpus_irishbudget2010’ not found
    --- failed re-building ‘quickstart.Rmd’
    
    SUMMARY: processing the following file failed:
     ‘quickstart.Rmd’
    
    Error: Vignette re-building failed.
    Execution halted
Flavors: r-devel-linux-x86_64-debian-clang, r-devel-linux-x86_64-debian-gcc, r-patched-linux-x86_64, r-release-linux-x86_64

Version: 3.2.4
Check: data for non-ASCII characters
Result: NOTE
     Note: found 4 marked UTF-8 strings
Flavors: r-devel-linux-x86_64-fedora-clang, r-devel-linux-x86_64-fedora-gcc, r-release-macos-arm64, r-release-macos-x86_64, r-oldrel-macos-arm64, r-oldrel-macos-x86_64

Version: 3.2.4
Check: re-building of vignette outputs
Result: ERROR
    Error(s) in re-building vignettes:
    --- re-building ‘quickstart.Rmd’ using rmarkdown
    Quitting from lines 481-486 (quickstart.Rmd)
    Error: processing vignette 'quickstart.Rmd' failed with diagnostics:
    object 'data_corpus_irishbudget2010' not found
    --- failed re-building ‘quickstart.Rmd’
    
    SUMMARY: processing the following file failed:
     ‘quickstart.Rmd’
    
    Error: Vignette re-building failed.
    Execution halted
Flavors: r-devel-linux-x86_64-fedora-clang, r-devel-linux-x86_64-fedora-gcc

Version: 3.2.4
Check: installed package size
Result: NOTE
     installed size is 9.4Mb
     sub-directories of 1Mb or more:
     libs 6.5Mb
Flavors: r-release-macos-arm64, r-release-macos-x86_64, r-oldrel-macos-arm64, r-oldrel-macos-x86_64, r-oldrel-windows-ix86+x86_64