CRAN Package Check Results for Package quantmod

Last updated on 2019-11-18 22:47:21 CET.

Flavor Version Tinstall Tcheck Ttotal Status Flags
r-devel-linux-x86_64-debian-clang 0.4-15 15.71 78.06 93.77 NOTE
r-devel-linux-x86_64-debian-gcc 0.4-15 13.64 62.31 75.95 NOTE
r-devel-linux-x86_64-fedora-clang 0.4-15 106.91 OK
r-devel-linux-x86_64-fedora-gcc 0.4-15 110.32 OK
r-devel-windows-ix86+x86_64 0.4-15 31.00 124.00 155.00 OK
r-patched-linux-x86_64 0.4-15 12.41 73.94 86.35 NOTE
r-patched-solaris-x86 0.4-15 135.10 OK
r-release-linux-x86_64 0.4-15 14.25 74.12 88.37 NOTE
r-release-windows-ix86+x86_64 0.4-15 20.00 230.00 250.00 OK
r-release-osx-x86_64 0.4-15 OK
r-oldrel-windows-ix86+x86_64 0.4-15 25.00 83.00 108.00 OK
r-oldrel-osx-x86_64 0.4-15 OK

Check Details

Version: 0.4-15
Check: R code for possible problems
Result: NOTE
    Found the following calls to attach():
    File 'quantmod/R/attachSymbols.R':
     attach(NULL, pos = pos, name = DB$name)
     attach(NULL, pos = pos, name = DB$name)
    See section 'Good practice' in '?attach'.
Flavors: r-devel-linux-x86_64-debian-clang, r-devel-linux-x86_64-debian-gcc, r-patched-linux-x86_64, r-release-linux-x86_64