CRAN Package Check Results for Package quarrint

Last updated on 2024-02-25 23:02:17 CET.

Flavor Version Tinstall Tcheck Ttotal Status Flags
r-devel-linux-x86_64-debian-clang 1.0.0 7.62 30.82 38.44 NOTE
r-devel-linux-x86_64-debian-gcc 1.0.0 6.07 23.98 30.05 NOTE
r-devel-linux-x86_64-fedora-clang 1.0.0 47.78 OK
r-devel-linux-x86_64-fedora-gcc 1.0.0 44.99 OK
r-devel-windows-x86_64 1.0.0 7.00 46.00 53.00 OK
r-patched-linux-x86_64 1.0.0 8.20 30.18 38.38 OK
r-release-linux-x86_64 1.0.0 7.45 30.43 37.88 OK
r-release-macos-arm64 1.0.0 21.00 OK
r-release-macos-x86_64 1.0.0 30.00 OK
r-release-windows-x86_64 1.0.0 9.00 50.00 59.00 OK
r-oldrel-macos-arm64 1.0.0 28.00 OK
r-oldrel-windows-x86_64 1.0.0 9.00 51.00 60.00 OK

Check Details

Version: 1.0.0
Check: Rd files
Result: NOTE checkRd: (-1) quarries.Rd:17-19: Lost braces in \itemize; meant \describe ? checkRd: (-1) quarries.Rd:20-22: Lost braces in \itemize; meant \describe ? checkRd: (-1) quarries.Rd:23-25: Lost braces in \itemize; meant \describe ? checkRd: (-1) quarries.Rd:26-28: Lost braces in \itemize; meant \describe ? Flavors: r-devel-linux-x86_64-debian-clang, r-devel-linux-x86_64-debian-gcc