Last updated on 2024-04-18 22:52:54 CEST.
Flavor | Version | Tinstall | Tcheck | Ttotal | Status | Flags |
---|---|---|---|---|---|---|
r-devel-linux-x86_64-debian-clang | 1.4 | 3.95 | 118.18 | 122.13 | OK | |
r-devel-linux-x86_64-debian-gcc | 1.4 | 3.90 | 87.82 | 91.72 | OK | |
r-devel-linux-x86_64-fedora-clang | 1.4 | 183.08 | OK | |||
r-devel-linux-x86_64-fedora-gcc | 1.4 | 191.13 | OK | |||
r-prerel-macos-arm64 | 1.4 | 34.00 | OK | |||
r-prerel-macos-x86_64 | 1.4 | 59.00 | NOTE | |||
r-prerel-windows-x86_64 | 1.4 | 6.00 | 127.00 | 133.00 | OK | |
r-patched-linux-x86_64 | 1.4 | 4.70 | 114.94 | 119.64 | OK | |
r-release-linux-x86_64 | 1.4 | 5.19 | 112.18 | 117.37 | OK | |
r-release-macos-arm64 | 1.4 | 31.00 | OK | |||
r-release-macos-x86_64 | 1.4 | 53.00 | OK | |||
r-release-windows-x86_64 | 1.4 | 7.00 | 139.00 | 146.00 | OK | |
r-oldrel-macos-arm64 | 1.4 | 26.00 | OK | |||
r-oldrel-windows-x86_64 | 1.4 | 7.00 | 141.00 | 148.00 | OK |
Version: 1.4
Check: package vignettes
Result: NOTE
Package has ‘vignettes’ subdirectory but apparently no vignettes.
Perhaps the ‘VignetteBuilder’ information is missing from the
DESCRIPTION file?
Flavor: r-prerel-macos-x86_64