Last updated on 2023-02-04 22:54:59 CET.
Flavor | Version | Tinstall | Tcheck | Ttotal | Status | Flags |
---|---|---|---|---|---|---|
r-devel-linux-x86_64-debian-clang | 0.1.8 | 47.11 | 390.48 | 437.59 | NOTE | |
r-devel-linux-x86_64-debian-gcc | 0.1.8 | 39.09 | 282.10 | 321.19 | NOTE | |
r-devel-linux-x86_64-fedora-clang | 0.1.8 | 521.48 | NOTE | |||
r-devel-linux-x86_64-fedora-gcc | 0.1.8 | 505.39 | NOTE | |||
r-devel-windows-x86_64 | 0.1.8 | 101.00 | 371.00 | 472.00 | NOTE | |
r-patched-linux-x86_64 | 0.1.8 | 43.09 | 373.27 | 416.36 | NOTE | |
r-release-linux-x86_64 | 0.1.8 | 40.88 | 372.46 | 413.34 | NOTE | |
r-release-macos-arm64 | 0.1.8 | 120.00 | NOTE | |||
r-release-macos-x86_64 | 0.1.8 | 162.00 | NOTE | |||
r-release-windows-x86_64 | 0.1.8 | 101.00 | 394.00 | 495.00 | NOTE | |
r-oldrel-macos-arm64 | 0.1.8 | 104.00 | NOTE | |||
r-oldrel-macos-x86_64 | 0.1.8 | 159.00 | NOTE | |||
r-oldrel-windows-ix86+x86_64 | 0.1.8 | 92.00 | 396.00 | 488.00 | NOTE |
Version: 0.1.8
Check: package dependencies
Result: NOTE
Packages suggested but not available for checking: 'fastshp', 'visualTest'
Flavors: r-devel-linux-x86_64-debian-clang, r-devel-linux-x86_64-debian-gcc, r-devel-linux-x86_64-fedora-clang, r-devel-linux-x86_64-fedora-gcc, r-devel-windows-x86_64, r-patched-linux-x86_64, r-release-linux-x86_64, r-release-macos-arm64, r-release-macos-x86_64, r-release-windows-x86_64, r-oldrel-macos-arm64, r-oldrel-macos-x86_64, r-oldrel-windows-ix86+x86_64