Last updated on 2024-04-17 23:00:04 CEST.
Flavor | Version | Tinstall | Tcheck | Ttotal | Status | Flags |
---|---|---|---|---|---|---|
r-devel-linux-x86_64-debian-clang | 0.5.0 | 2.53 | 36.39 | 38.92 | OK | |
r-devel-linux-x86_64-debian-gcc | 0.5.0 | 2.93 | 27.88 | 30.81 | OK | |
r-devel-linux-x86_64-fedora-clang | 0.5.0 | 49.62 | NOTE | |||
r-devel-linux-x86_64-fedora-gcc | 0.5.0 | 46.98 | NOTE | |||
r-prerel-macos-arm64 | 0.5.0 | 21.00 | OK | |||
r-prerel-macos-x86_64 | 0.5.0 | 52.00 | OK | |||
r-prerel-windows-x86_64 | 0.5.0 | 5.00 | 52.00 | 57.00 | OK | |
r-patched-linux-x86_64 | 0.5.0 | 4.05 | 34.23 | 38.28 | OK | |
r-release-linux-x86_64 | 0.5.0 | 4.03 | 34.60 | 38.63 | OK | |
r-release-macos-arm64 | 0.5.0 | 25.00 | OK | |||
r-release-macos-x86_64 | 0.5.0 | 49.00 | OK | |||
r-release-windows-x86_64 | 0.5.0 | 7.00 | 57.00 | 64.00 | OK | |
r-oldrel-macos-arm64 | 0.5.0 | 24.00 | OK | |||
r-oldrel-windows-x86_64 | 0.5.0 | 7.00 | 60.00 | 67.00 | OK |
Version: 0.5.0
Check: data for non-ASCII characters
Result: NOTE
Note: found 7 marked UTF-8 strings
Flavors: r-devel-linux-x86_64-fedora-clang, r-devel-linux-x86_64-fedora-gcc