Last updated on 2021-04-13 22:53:53 CEST.
Flavor | Version | Tinstall | Tcheck | Ttotal | Status | Flags |
---|---|---|---|---|---|---|
r-devel-linux-x86_64-debian-clang | 0.1.9 | 2.73 | 30.02 | 32.75 | OK | |
r-devel-linux-x86_64-debian-gcc | 0.1.9 | 2.34 | 23.72 | 26.06 | OK | |
r-devel-linux-x86_64-fedora-clang | 0.1.9 | 49.48 | NOTE | |||
r-devel-linux-x86_64-fedora-gcc | 0.1.9 | 38.84 | NOTE | |||
r-devel-windows-ix86+x86_64 | 0.1.9 | 5.00 | 45.00 | 50.00 | OK | |
r-devel-windows-x86_64-gcc10-UCRT | 0.1.9 | NOTE | ||||
r-patched-linux-x86_64 | 0.1.9 | 2.69 | 29.35 | 32.04 | OK | |
r-patched-solaris-x86 | 0.1.9 | 62.80 | NOTE | |||
r-release-linux-x86_64 | 0.1.9 | 2.97 | 29.36 | 32.33 | OK | |
r-release-macos-x86_64 | 0.1.9 | NOTE | ||||
r-release-windows-ix86+x86_64 | 0.1.9 | 6.00 | 52.00 | 58.00 | OK | |
r-oldrel-macos-x86_64 | 0.1.9 | NOTE | ||||
r-oldrel-windows-ix86+x86_64 | 0.1.9 | 5.00 | 37.00 | 42.00 | OK |
Version: 0.1.9
Check: data for non-ASCII characters
Result: NOTE
Note: found 34 marked UTF-8 strings
Flavors: r-devel-linux-x86_64-fedora-clang, r-devel-linux-x86_64-fedora-gcc, r-devel-windows-x86_64-gcc10-UCRT, r-patched-solaris-x86, r-release-macos-x86_64, r-oldrel-macos-x86_64