CRAN Package Check Results for Package r2fireworks

Last updated on 2024-05-25 21:57:08 CEST.

Flavor Version Tinstall Tcheck Ttotal Status Flags
r-devel-linux-x86_64-debian-clang 0.1.0 1.56 25.97 27.53 OK
r-devel-linux-x86_64-debian-gcc 0.1.0 1.80 20.08 21.88 OK
r-devel-linux-x86_64-fedora-clang 0.1.0 37.88 NOTE
r-devel-linux-x86_64-fedora-gcc 0.1.0 47.15 NOTE
r-devel-windows-x86_64 0.1.0 4.00 45.00 49.00 OK
r-patched-linux-x86_64 0.1.0 2.22 24.59 26.81 OK
r-release-linux-x86_64 0.1.0 1.58 24.99 26.57 OK
r-release-macos-arm64 0.1.0 25.00 OK
r-release-windows-x86_64 0.1.0 4.00 44.00 48.00 OK
r-oldrel-macos-arm64 0.1.0 28.00 OK
r-oldrel-macos-x86_64 0.1.0 37.00 OK
r-oldrel-windows-x86_64 0.1.0 4.00 44.00 48.00 OK

Check Details

Version: 0.1.0
Check: dependencies in R code
Result: NOTE Namespaces in Imports field not imported from: ‘shiny’ ‘utils’ All declared Imports should be used. Flavors: r-devel-linux-x86_64-fedora-clang, r-devel-linux-x86_64-fedora-gcc