Last updated on 2023-10-01 23:03:55 CEST.
Flavor | Version | Tinstall | Tcheck | Ttotal | Status | Flags |
---|---|---|---|---|---|---|
r-devel-linux-x86_64-debian-clang | 0.1.2 | 3.73 | 44.35 | 48.08 | NOTE | |
r-devel-linux-x86_64-debian-gcc | 0.1.2 | 1.95 | 33.95 | 35.90 | NOTE | |
r-devel-linux-x86_64-fedora-clang | 0.1.2 | 59.92 | NOTE | |||
r-devel-linux-x86_64-fedora-gcc | 0.1.2 | 58.91 | NOTE | |||
r-devel-windows-x86_64 | 0.1.2 | 4.00 | 58.00 | 62.00 | NOTE | |
r-patched-linux-x86_64 | 0.1.2 | 8.69 | 44.57 | 53.26 | NOTE | |
r-release-linux-x86_64 | 0.1.2 | 3.32 | 44.24 | 47.56 | NOTE | |
r-release-macos-arm64 | 0.1.2 | 23.00 | NOTE | |||
r-release-macos-x86_64 | 0.1.2 | 33.00 | NOTE | |||
r-release-windows-x86_64 | 0.1.2 | 6.00 | 60.00 | 66.00 | NOTE | |
r-oldrel-macos-arm64 | 0.1.2 | 21.00 | NOTE | |||
r-oldrel-macos-x86_64 | 0.1.2 | 42.00 | NOTE | |||
r-oldrel-windows-x86_64 | 0.1.2 | 6.00 | 61.00 | 67.00 | NOTE |
Version: 0.1.2
Check: LazyData
Result: NOTE
'LazyData' is specified without a 'data' directory
Flavors: r-devel-linux-x86_64-debian-clang, r-devel-linux-x86_64-debian-gcc, r-devel-linux-x86_64-fedora-clang, r-devel-linux-x86_64-fedora-gcc, r-devel-windows-x86_64, r-patched-linux-x86_64, r-release-linux-x86_64, r-release-macos-arm64, r-release-macos-x86_64, r-release-windows-x86_64, r-oldrel-macos-arm64, r-oldrel-macos-x86_64, r-oldrel-windows-x86_64
Version: 0.1.2
Check: dependencies in R code
Result: NOTE
Namespaces in Imports field not imported from:
‘data.table’ ‘dplyr’ ‘lmerTest’
All declared Imports should be used.
Flavors: r-devel-linux-x86_64-fedora-clang, r-devel-linux-x86_64-fedora-gcc, r-oldrel-macos-arm64, r-oldrel-macos-x86_64