CRAN Package Check Results for Package r2pmml

Last updated on 2019-09-22 22:46:55 CEST.

Flavor Version Tinstall Tcheck Ttotal Status Flags
r-devel-linux-x86_64-debian-clang 0.23.0 2.24 88.65 90.89 OK
r-devel-linux-x86_64-debian-gcc 0.23.0 2.01 68.44 70.45 OK
r-devel-linux-x86_64-fedora-clang 0.23.0 118.53 OK
r-devel-linux-x86_64-fedora-gcc 0.23.0 116.74 OK
r-devel-windows-ix86+x86_64 0.23.0 11.00 79.00 90.00 OK
r-patched-linux-x86_64 0.23.0 2.02 89.37 91.39 OK
r-patched-solaris-x86 0.23.0 48.30 ERROR
r-release-linux-x86_64 0.23.0 2.14 90.50 92.64 OK
r-release-windows-ix86+x86_64 0.23.0 10.00 77.00 87.00 OK
r-release-osx-x86_64 0.23.0 OK
r-oldrel-windows-ix86+x86_64 0.23.0 3.00 54.00 57.00 OK
r-oldrel-osx-x86_64 0.23.0 OK

Check Details

Version: 0.23.0
Check: examples
Result: ERROR
    Running examples in ‘r2pmml-Ex.R’ failed
    The error most likely occurred in:
    
    > ### Name: decorate.glmnet
    > ### Title: Decorates a "glmnet" object with a "lambda.s" element.
    > ### Aliases: decorate.glmnet
    >
    > ### ** Examples
    >
    > library("glmnet")
    Loading required package: Matrix
    Loading required package: foreach
    Loaded glmnet 2.0-18
    
    > library("r2pmml")
    >
    > data(iris)
    > iris_x = as.matrix(iris[, -ncol(iris)])
    > iris_y = iris[, ncol(iris)]
    > iris.glmnet = glmnet(x = iris_x, y = iris_y, family = "multinomial")
    > iris.glmnet = decorate(iris.glmnet, lambda.s = iris.glmnet$lambda[49])
    > r2pmml(iris.glmnet, file.path(tempdir(), "Iris-GLMNet.pmml"))
    Exception in thread "main" java.lang.UnsupportedClassVersionError: org/jpmml/rexp/Main : Unsupported major.minor version 52.0
     at java.lang.ClassLoader.defineClass1(Native Method)
     at java.lang.ClassLoader.defineClass(ClassLoader.java:800)
     at java.security.SecureClassLoader.defineClass(SecureClassLoader.java:142)
     at java.net.URLClassLoader.defineClass(URLClassLoader.java:449)
     at java.net.URLClassLoader.access$100(URLClassLoader.java:71)
     at java.net.URLClassLoader$1.run(URLClassLoader.java:361)
     at java.net.URLClassLoader$1.run(URLClassLoader.java:355)
     at java.security.AccessController.doPrivileged(Native Method)
     at java.net.URLClassLoader.findClass(URLClassLoader.java:354)
     at java.lang.ClassLoader.loadClass(ClassLoader.java:425)
     at sun.misc.Launcher$AppClassLoader.loadClass(Launcher.java:308)
     at java.lang.ClassLoader.loadClass(ClassLoader.java:358)
     at sun.launcher.LauncherHelper.checkAndLoadMain(LauncherHelper.java:482)
    Error in .convert(tempfile, file, converter, converter_classpath, verbose) :
     The JPMML-R conversion application has failed (error code 1). The Java executable should have printed more information about the failure into its standard output and/or standard error streams
    Calls: r2pmml -> tryCatch -> tryCatchList -> main -> .convert
    Execution halted
Flavor: r-patched-solaris-x86