Last updated on 2023-06-07 22:02:52 CEST.
Flavor | Version | Tinstall | Tcheck | Ttotal | Status | Flags |
---|---|---|---|---|---|---|
r-devel-linux-x86_64-debian-clang | 0.0.2 | 4.65 | 167.89 | 172.54 | OK | |
r-devel-linux-x86_64-debian-gcc | 0.0.2 | 4.52 | 127.28 | 131.80 | OK | |
r-devel-linux-x86_64-fedora-clang | 0.0.2 | 208.98 | NOTE | |||
r-devel-linux-x86_64-fedora-gcc | 0.0.2 | 214.80 | OK | |||
r-devel-windows-x86_64 | 0.0.2 | 6.00 | 136.00 | 142.00 | NOTE | |
r-patched-linux-x86_64 | 0.0.2 | 6.59 | 157.21 | 163.80 | OK | |
r-release-linux-x86_64 | 0.0.2 | 3.39 | 161.44 | 164.83 | OK | |
r-release-macos-arm64 | 0.0.2 | 72.00 | NOTE | |||
r-release-macos-x86_64 | 0.0.2 | 115.00 | NOTE | |||
r-release-windows-x86_64 | 0.0.2 | 8.00 | 173.00 | 181.00 | NOTE | |
r-oldrel-macos-arm64 | 0.0.2 | 54.00 | NOTE | |||
r-oldrel-macos-x86_64 | 0.0.2 | 76.00 | NOTE | |||
r-oldrel-windows-x86_64 | 0.0.2 | 8.00 | 171.00 | 179.00 | NOTE |
Version: 0.0.2
Check: installed package size
Result: NOTE
installed size is 7.4Mb
sub-directories of 1Mb or more:
doc 5.3Mb
htmlwidgets 1.8Mb
Flavors: r-devel-linux-x86_64-fedora-clang, r-devel-windows-x86_64, r-release-macos-arm64, r-release-macos-x86_64, r-release-windows-x86_64, r-oldrel-macos-arm64, r-oldrel-macos-x86_64, r-oldrel-windows-x86_64