Last updated on 2023-12-09 21:54:28 CET.
Flavor | Version | Tinstall | Tcheck | Ttotal | Status | Flags |
---|---|---|---|---|---|---|
r-devel-linux-x86_64-debian-clang | 1.2-8 | 7.26 | 64.46 | 71.72 | OK | |
r-devel-linux-x86_64-debian-gcc | 1.2-8 | 4.92 | 48.48 | 53.40 | OK | |
r-devel-linux-x86_64-fedora-clang | 1.2-8 | 88.37 | NOTE | |||
r-devel-linux-x86_64-fedora-gcc | 1.2-8 | 82.58 | OK | |||
r-devel-windows-x86_64 | 1.2-8 | 17.00 | 73.00 | 90.00 | OK | |
r-patched-linux-x86_64 | 1.2-8 | 5.80 | 63.81 | 69.61 | OK | |
r-release-linux-x86_64 | 1.2-8 | 5.24 | 62.07 | 67.31 | OK | |
r-release-macos-arm64 | 1.2-8 | 29.00 | OK | |||
r-release-macos-x86_64 | 1.2-8 | 69.00 | OK | |||
r-release-windows-x86_64 | 1.2-8 | 20.00 | 88.00 | 108.00 | OK | |
r-oldrel-macos-arm64 | 1.2-8 | 31.00 | OK | |||
r-oldrel-macos-x86_64 | 1.2-8 | 48.00 | OK | |||
r-oldrel-windows-x86_64 | 1.2-8 | 9.00 | 82.00 | 91.00 | OK |
Version: 1.2-8
Check: Rd cross-references
Result: NOTE
Undeclared package ‘Rglpk’ in Rd xrefs
Flavor: r-devel-linux-x86_64-fedora-clang