Last updated on 2023-01-26 23:00:26 CET.
Flavor | Version | Tinstall | Tcheck | Ttotal | Status | Flags |
---|---|---|---|---|---|---|
r-devel-linux-x86_64-debian-clang | 0.1.5 | 35.03 | 334.47 | 369.50 | OK | |
r-devel-linux-x86_64-debian-gcc | 0.1.5 | 30.50 | 247.72 | 278.22 | OK | |
r-devel-linux-x86_64-fedora-clang | 0.1.5 | 494.28 | NOTE | |||
r-devel-linux-x86_64-fedora-gcc | 0.1.5 | 508.35 | NOTE | |||
r-patched-linux-x86_64 | 0.1.5 | 36.87 | 320.23 | 357.10 | OK | |
r-release-linux-x86_64 | 0.1.5 | 26.91 | 328.19 | 355.10 | OK | |
r-release-macos-arm64 | 0.1.5 | 90.00 | NOTE | |||
r-release-macos-x86_64 | 0.1.5 | 128.00 | NOTE | |||
r-release-windows-x86_64 | 0.1.5 | 35.00 | 323.00 | 358.00 | OK | |
r-oldrel-macos-arm64 | 0.1.5 | 49.00 | NOTE | |||
r-oldrel-macos-x86_64 | 0.1.5 | 71.00 | NOTE | |||
r-oldrel-windows-ix86+x86_64 | 0.1.5 | 86.00 | 322.00 | 408.00 | OK |
Version: 0.1.5
Check: dependencies in R code
Result: NOTE
Namespace in Imports field not imported from: ‘rgeos’
All declared Imports should be used.
Flavors: r-devel-linux-x86_64-fedora-clang, r-devel-linux-x86_64-fedora-gcc, r-release-macos-arm64, r-release-macos-x86_64, r-oldrel-macos-arm64, r-oldrel-macos-x86_64