Last updated on 2023-12-07 21:56:00 CET.
Flavor | Version | Tinstall | Tcheck | Ttotal | Status | Flags |
---|---|---|---|---|---|---|
r-devel-linux-x86_64-debian-clang | 0.2.2 | 352.55 | 280.58 | 633.13 | NOTE | |
r-devel-linux-x86_64-debian-gcc | 0.2.2 | 239.54 | 410.77 | 650.31 | NOTE | |
r-devel-linux-x86_64-fedora-clang | 0.2.2 | 783.19 | NOTE | |||
r-devel-linux-x86_64-fedora-gcc | 0.2.2 | 885.80 | NOTE | |||
r-devel-windows-x86_64 | 0.2.2 | 223.00 | 212.00 | 435.00 | NOTE | |
r-patched-linux-x86_64 | 0.2.2 | 229.62 | 416.98 | 646.60 | NOTE | |
r-release-linux-x86_64 | 0.2.2 | 0.02 | 2.15 | 2.17 | ERROR | |
r-release-macos-arm64 | 0.2.2 | 341.00 | NOTE | |||
r-release-macos-x86_64 | 0.2.2 | 462.00 | NOTE | |||
r-release-windows-x86_64 | 0.2.2 | 297.00 | 308.00 | 605.00 | NOTE | |
r-oldrel-macos-arm64 | 0.2.2 | 280.00 | NOTE | |||
r-oldrel-macos-x86_64 | 0.2.2 | 360.00 | NOTE | |||
r-oldrel-windows-x86_64 | 0.2.2 | 267.00 | 291.00 | 558.00 | NOTE |
Version: 0.2.2
Check: for GNU extensions in Makefiles
Result: NOTE
GNU make is a SystemRequirements.
Flavors: r-devel-linux-x86_64-debian-clang, r-devel-linux-x86_64-debian-gcc, r-devel-linux-x86_64-fedora-clang, r-devel-linux-x86_64-fedora-gcc, r-devel-windows-x86_64, r-patched-linux-x86_64, r-release-macos-arm64, r-release-macos-x86_64, r-release-windows-x86_64, r-oldrel-macos-arm64, r-oldrel-macos-x86_64, r-oldrel-windows-x86_64
Version: 0.2.2
Check: dependencies in R code
Result: NOTE
Namespace in Imports field not imported from: ‘rstantools’
All declared Imports should be used.
Flavors: r-devel-linux-x86_64-fedora-clang, r-devel-linux-x86_64-fedora-gcc
Version: 0.2.2
Check: whether package can be installed
Result: ERROR
Installation failed.
Flavor: r-release-linux-x86_64
Version: 0.2.2
Check: installed package size
Result: NOTE
installed size is 59.1Mb
sub-directories of 1Mb or more:
libs 57.9Mb
Flavors: r-release-macos-arm64, r-release-macos-x86_64, r-oldrel-macos-arm64, r-oldrel-macos-x86_64