Last updated on 2024-04-17 23:00:08 CEST.
Flavor | Version | Tinstall | Tcheck | Ttotal | Status | Flags |
---|---|---|---|---|---|---|
r-devel-linux-x86_64-debian-clang | 0.3.2 | 12.11 | 78.65 | 90.76 | NOTE | |
r-devel-linux-x86_64-debian-gcc | 0.3.2 | 8.41 | 58.00 | 66.41 | NOTE | |
r-devel-linux-x86_64-fedora-clang | 0.3.2 | 110.07 | NOTE | |||
r-devel-linux-x86_64-fedora-gcc | 0.3.2 | 105.82 | NOTE | |||
r-prerel-macos-arm64 | 0.3.2 | 28.00 | NOTE | |||
r-prerel-windows-x86_64 | 0.3.2 | 12.00 | 82.00 | 94.00 | NOTE | |
r-patched-linux-x86_64 | 0.3.2 | 10.03 | 75.90 | 85.93 | NOTE | |
r-release-linux-x86_64 | 0.3.2 | 10.33 | 74.15 | 84.48 | NOTE | |
r-release-macos-arm64 | 0.3.2 | 35.00 | NOTE | |||
r-release-macos-x86_64 | 0.3.2 | 48.00 | NOTE | |||
r-release-windows-x86_64 | 0.3.2 | 15.00 | 91.00 | 106.00 | NOTE | |
r-oldrel-macos-arm64 | 0.3.2 | 33.00 | NOTE | |||
r-oldrel-windows-x86_64 | 0.3.2 | 15.00 | 92.00 | 107.00 | NOTE |
Version: 0.3.2
Check: LazyData
Result: NOTE
'LazyData' is specified without a 'data' directory
Flavors: r-devel-linux-x86_64-debian-clang, r-devel-linux-x86_64-debian-gcc, r-devel-linux-x86_64-fedora-clang, r-devel-linux-x86_64-fedora-gcc, r-prerel-macos-arm64, r-prerel-windows-x86_64, r-patched-linux-x86_64, r-release-linux-x86_64, r-release-macos-arm64, r-release-macos-x86_64, r-release-windows-x86_64, r-oldrel-macos-arm64, r-oldrel-windows-x86_64