CRAN Package Check Results for Package rWBclimate

Last updated on 2019-08-19 22:47:16 CEST.

Flavor Version Tinstall Tcheck Ttotal Status Flags
r-devel-linux-x86_64-debian-clang 0.1.3 5.23 51.53 56.76 NOTE
r-devel-linux-x86_64-debian-gcc 0.1.3 5.37 39.68 45.05 NOTE
r-devel-linux-x86_64-fedora-clang 0.1.3 70.22 NOTE
r-devel-linux-x86_64-fedora-gcc 0.1.3 68.97 NOTE
r-devel-windows-ix86+x86_64 0.1.3 17.00 73.00 90.00 NOTE
r-patched-linux-x86_64 0.1.3 5.34 49.55 54.89 NOTE
r-patched-solaris-x86 0.1.3 119.60 NOTE
r-release-linux-x86_64 0.1.3 5.96 49.47 55.43 NOTE
r-release-windows-ix86+x86_64 0.1.3 14.00 63.00 77.00 NOTE
r-release-osx-x86_64 0.1.3 NOTE
r-oldrel-windows-ix86+x86_64 0.1.3 12.00 85.00 97.00 NOTE
r-oldrel-osx-x86_64 0.1.3 NOTE

Check Details

Version: 0.1.3
Check: R code for possible problems
Result: NOTE
    check_ISO_code: no visible binding for global variable 'NoAm_country'
    check_ISO_code: no visible binding for global variable 'SoAm_country'
    check_ISO_code: no visible binding for global variable 'Oceana_country'
    check_ISO_code: no visible binding for global variable 'Africa_country'
    check_ISO_code: no visible binding for global variable 'Asia_country'
    check_ISO_code: no visible binding for global variable 'Eur_country'
    climate_map: no visible binding for global variable 'data'
    date_correct: no visible global function definition for 'tail'
    Undefined global functions or variables:
     Africa_country Asia_country Eur_country NoAm_country Oceana_country
     SoAm_country data tail
    Consider adding
     importFrom("utils", "data", "tail")
    to your NAMESPACE file.
Flavors: r-devel-linux-x86_64-debian-clang, r-devel-linux-x86_64-debian-gcc, r-devel-linux-x86_64-fedora-clang, r-devel-linux-x86_64-fedora-gcc, r-devel-windows-ix86+x86_64, r-patched-linux-x86_64, r-patched-solaris-x86, r-release-linux-x86_64, r-release-windows-ix86+x86_64, r-release-osx-x86_64, r-oldrel-windows-ix86+x86_64, r-oldrel-osx-x86_64