CRAN Package Check Results for Package rWBclimate

Last updated on 2019-12-10 22:49:47 CET.

Flavor Version Tinstall Tcheck Ttotal Status Flags
r-devel-linux-x86_64-debian-clang 0.1.3 6.49 54.19 60.68 NOTE
r-devel-linux-x86_64-debian-gcc 0.1.3 5.36 41.56 46.92 NOTE
r-devel-linux-x86_64-fedora-clang 0.1.3 74.68 NOTE
r-devel-linux-x86_64-fedora-gcc 0.1.3 70.97 NOTE
r-devel-windows-ix86+x86_64 0.1.3 13.00 83.00 96.00 NOTE
r-devel-windows-ix86+x86_64-gcc8 0.1.3 16.00 99.00 115.00 NOTE
r-patched-linux-x86_64 0.1.3 4.92 48.43 53.35 NOTE
r-patched-solaris-x86 0.1.3 109.70 NOTE
r-release-linux-x86_64 0.1.3 4.39 49.13 53.52 NOTE
r-release-windows-ix86+x86_64 0.1.3 13.00 62.00 75.00 NOTE
r-release-osx-x86_64 0.1.3 NOTE
r-oldrel-windows-ix86+x86_64 0.1.3 8.00 65.00 73.00 NOTE
r-oldrel-osx-x86_64 0.1.3 NOTE

Check Details

Version: 0.1.3
Check: R code for possible problems
Result: NOTE
    check_ISO_code: no visible binding for global variable 'NoAm_country'
    check_ISO_code: no visible binding for global variable 'SoAm_country'
    check_ISO_code: no visible binding for global variable 'Oceana_country'
    check_ISO_code: no visible binding for global variable 'Africa_country'
    check_ISO_code: no visible binding for global variable 'Asia_country'
    check_ISO_code: no visible binding for global variable 'Eur_country'
    climate_map: no visible binding for global variable 'data'
    date_correct: no visible global function definition for 'tail'
    Undefined global functions or variables:
     Africa_country Asia_country Eur_country NoAm_country Oceana_country
     SoAm_country data tail
    Consider adding
     importFrom("utils", "data", "tail")
    to your NAMESPACE file.
Flavors: r-devel-linux-x86_64-debian-clang, r-devel-linux-x86_64-debian-gcc, r-devel-linux-x86_64-fedora-clang, r-devel-linux-x86_64-fedora-gcc, r-devel-windows-ix86+x86_64, r-devel-windows-ix86+x86_64-gcc8, r-patched-linux-x86_64, r-patched-solaris-x86, r-release-linux-x86_64, r-release-windows-ix86+x86_64, r-release-osx-x86_64, r-oldrel-windows-ix86+x86_64, r-oldrel-osx-x86_64