Last updated on 2024-05-02 22:54:50 CEST.
Flavor | Version | Tinstall | Tcheck | Ttotal | Status | Flags |
---|---|---|---|---|---|---|
r-devel-linux-x86_64-debian-clang | 2.0.0 | 2.04 | 36.10 | 38.14 | NOTE | |
r-devel-linux-x86_64-debian-gcc | 2.0.0 | 1.83 | 27.80 | 29.63 | NOTE | |
r-devel-linux-x86_64-fedora-clang | 2.0.0 | 50.34 | NOTE | |||
r-devel-linux-x86_64-fedora-gcc | 2.0.0 | 60.26 | NOTE | |||
r-devel-windows-x86_64 | 2.0.0 | 4.00 | 48.00 | 52.00 | NOTE | |
r-patched-linux-x86_64 | 2.0.0 | 2.21 | 34.89 | 37.10 | NOTE | |
r-release-linux-x86_64 | 2.0.0 | 2.06 | 33.52 | 35.58 | NOTE | |
r-release-macos-arm64 | 2.0.0 | 23.00 | NOTE | |||
r-release-windows-x86_64 | 2.0.0 | 3.00 | 48.00 | 51.00 | NOTE | |
r-oldrel-macos-arm64 | 2.0.0 | 23.00 | NOTE | |||
r-oldrel-macos-x86_64 | 2.0.0 | 35.00 | NOTE | |||
r-oldrel-windows-x86_64 | 2.0.0 | 3.00 | 48.00 | 51.00 | NOTE |
Version: 2.0.0
Check: LazyData
Result: NOTE
'LazyData' is specified without a 'data' directory
Flavors: r-devel-linux-x86_64-debian-clang, r-devel-linux-x86_64-debian-gcc, r-devel-linux-x86_64-fedora-clang, r-devel-linux-x86_64-fedora-gcc, r-devel-windows-x86_64, r-patched-linux-x86_64, r-release-linux-x86_64, r-release-macos-arm64, r-release-windows-x86_64, r-oldrel-macos-arm64, r-oldrel-macos-x86_64, r-oldrel-windows-x86_64