Last updated on 2023-02-04 22:54:59 CET.
Flavor | Version | Tinstall | Tcheck | Ttotal | Status | Flags |
---|---|---|---|---|---|---|
r-devel-linux-x86_64-debian-clang | 1.5.1 | 18.32 | 151.23 | 169.55 | OK | |
r-devel-linux-x86_64-debian-gcc | 1.5.1 | 14.02 | 109.88 | 123.90 | OK | |
r-devel-linux-x86_64-fedora-clang | 1.5.1 | 205.80 | NOTE | |||
r-devel-linux-x86_64-fedora-gcc | 1.5.1 | 194.47 | OK | |||
r-devel-windows-x86_64 | 1.5.1 | 246.00 | 206.00 | 452.00 | OK | |
r-patched-linux-x86_64 | 1.5.1 | 22.45 | 136.39 | 158.84 | OK | |
r-release-linux-x86_64 | 1.5.1 | 17.79 | 134.89 | 152.68 | OK | |
r-release-macos-arm64 | 1.5.1 | 58.00 | OK | |||
r-release-macos-x86_64 | 1.5.1 | 76.00 | OK | |||
r-release-windows-x86_64 | 1.5.1 | 231.00 | 209.00 | 440.00 | OK | |
r-oldrel-macos-arm64 | 1.5.1 | 58.00 | OK | |||
r-oldrel-macos-x86_64 | 1.5.1 | 77.00 | OK | |||
r-oldrel-windows-ix86+x86_64 | 1.5.1 | 40.00 | 195.00 | 235.00 | OK |
Version: 1.5.1
Check: package dependencies
Result: NOTE
Imports includes 29 non-default packages.
Importing from so many packages makes the package vulnerable to any of
them becoming unavailable. Move as many as possible to Suggests and
use conditionally.
Flavor: r-devel-linux-x86_64-fedora-clang