Last updated on 2023-01-28 22:55:23 CET.
Flavor | Version | Tinstall | Tcheck | Ttotal | Status | Flags |
---|---|---|---|---|---|---|
r-devel-linux-x86_64-debian-clang | 1.5.0 | 16.57 | 190.48 | 207.05 | OK | |
r-devel-linux-x86_64-debian-gcc | 1.5.0 | 12.55 | 140.64 | 153.19 | OK | |
r-devel-linux-x86_64-fedora-clang | 1.5.0 | 247.92 | NOTE | |||
r-devel-linux-x86_64-fedora-gcc | 1.5.0 | 273.41 | OK | |||
r-patched-linux-x86_64 | 1.5.0 | 16.57 | 189.39 | 205.96 | OK | |
r-release-linux-x86_64 | 1.5.0 | 18.52 | 186.72 | 205.24 | OK | |
r-release-macos-arm64 | 1.5.0 | 71.00 | OK | |||
r-release-macos-x86_64 | 1.5.0 | 115.00 | OK | |||
r-release-windows-x86_64 | 1.5.0 | 27.00 | 243.00 | 270.00 | OK | |
r-oldrel-macos-arm64 | 1.5.0 | 79.00 | OK | |||
r-oldrel-macos-x86_64 | 1.5.0 | 113.00 | OK | |||
r-oldrel-windows-ix86+x86_64 | 1.5.0 | 49.00 | 217.00 | 266.00 | OK |
Version: 1.5.0
Check: installed package size
Result: NOTE
installed size is 5.0Mb
sub-directories of 1Mb or more:
doc 4.9Mb
Flavor: r-devel-linux-x86_64-fedora-clang