Last updated on 2023-03-25 22:55:38 CET.
Flavor | Version | Tinstall | Tcheck | Ttotal | Status | Flags |
---|---|---|---|---|---|---|
r-devel-linux-x86_64-debian-clang | 1.5.0 | 22.74 | 178.39 | 201.13 | OK | |
r-devel-linux-x86_64-debian-gcc | 1.5.0 | 16.70 | 133.38 | 150.08 | OK | |
r-devel-linux-x86_64-fedora-clang | 1.5.0 | 255.72 | OK | |||
r-devel-linux-x86_64-fedora-gcc | 1.5.0 | 244.52 | OK | |||
r-patched-linux-x86_64 | 1.5.0 | 22.33 | 173.80 | 196.13 | OK | |
r-release-linux-x86_64 | 1.5.0 | 16.73 | 173.47 | 190.20 | OK | |
r-release-macos-arm64 | 1.5.0 | 54.00 | OK | |||
r-release-macos-x86_64 | 1.5.0 | 94.00 | OK | |||
r-release-windows-x86_64 | 1.5.0 | 192.00 | 231.00 | 423.00 | OK | |
r-oldrel-macos-arm64 | 1.5.0 | 53.00 | OK | |||
r-oldrel-macos-x86_64 | 1.5.0 | 93.00 | OK | |||
r-oldrel-windows-ix86+x86_64 | 1.5.0 | 49.00 | 216.00 | 265.00 | NOTE |
Version: 1.5.0
Check: R code for possible problems
Result: NOTE
Initiating curl with CURL_SSL_BACKEND: openssl
Flavor: r-oldrel-windows-ix86+x86_64