Last updated on 2024-03-28 23:01:55 CET.
Flavor | Version | Tinstall | Tcheck | Ttotal | Status | Flags |
---|---|---|---|---|---|---|
r-devel-linux-x86_64-debian-clang | 0.3.1.1 | 39.97 | 193.78 | 233.75 | OK | |
r-devel-linux-x86_64-debian-gcc | 0.3.1.1 | 26.06 | 142.60 | 168.66 | OK | |
r-devel-linux-x86_64-fedora-clang | 0.3.1.1 | 294.82 | OK | |||
r-devel-linux-x86_64-fedora-gcc | 0.3.1.1 | 290.31 | OK | |||
r-devel-windows-x86_64 | 0.3.1.1 | 29.00 | 166.00 | 195.00 | OK | |
r-patched-linux-x86_64 | 0.3.1.1 | 21.98 | 189.75 | 211.73 | OK | |
r-release-linux-x86_64 | 0.3.1.1 | 22.37 | 189.23 | 211.60 | OK | |
r-release-macos-arm64 | 0.3.1.1 | 93.00 | OK | |||
r-release-macos-x86_64 | 0.3.1.1 | 152.00 | NOTE | |||
r-release-windows-x86_64 | 0.3.1.1 | 37.00 | 209.00 | 246.00 | OK | |
r-oldrel-macos-arm64 | 0.3.1.1 | 88.00 | OK | |||
r-oldrel-windows-x86_64 | 0.3.1.1 | 35.00 | 210.00 | 245.00 | OK |
Version: 0.3.1.1
Check: package dependencies
Result: NOTE
Package suggested but not available for checking: ‘quanteda.textmodels’
Flavor: r-release-macos-x86_64