CRAN Package Check Results for Package rakeR

Last updated on 2023-09-24 22:59:48 CEST.

Flavor Version Tinstall Tcheck Ttotal Status Flags
r-devel-linux-x86_64-debian-clang 0.2.1 2.14 34.21 36.35 NOTE
r-devel-linux-x86_64-debian-gcc 0.2.1 1.61 26.18 27.79 NOTE
r-devel-linux-x86_64-fedora-clang 0.2.1 43.80 NOTE
r-devel-linux-x86_64-fedora-gcc 0.2.1 44.08 NOTE
r-devel-windows-x86_64 0.2.1 4.00 51.00 55.00 NOTE
r-patched-linux-x86_64 0.2.1 2.40 32.94 35.34 NOTE
r-release-linux-x86_64 0.2.1 2.10 32.70 34.80 NOTE
r-release-macos-arm64 0.2.1 22.00 NOTE
r-release-macos-x86_64 0.2.1 27.00 NOTE
r-release-windows-x86_64 0.2.1 3.00 52.00 55.00 NOTE
r-oldrel-macos-arm64 0.2.1 22.00 NOTE
r-oldrel-macos-x86_64 0.2.1 27.00 NOTE
r-oldrel-windows-x86_64 0.2.1 9.00 53.00 62.00 NOTE

Check Details

Version: 0.2.1
Check: LazyData
Result: NOTE
     'LazyData' is specified without a 'data' directory
Flavors: r-devel-linux-x86_64-debian-clang, r-devel-linux-x86_64-debian-gcc, r-devel-linux-x86_64-fedora-clang, r-devel-linux-x86_64-fedora-gcc, r-devel-windows-x86_64, r-patched-linux-x86_64, r-release-linux-x86_64, r-release-macos-arm64, r-release-macos-x86_64, r-release-windows-x86_64, r-oldrel-macos-arm64, r-oldrel-macos-x86_64, r-oldrel-windows-x86_64