Last updated on 2021-04-10 22:52:35 CEST.
Flavor | Version | Tinstall | Tcheck | Ttotal | Status | Flags |
---|---|---|---|---|---|---|
r-devel-linux-x86_64-debian-clang | 2.2.4 | 4.64 | 56.02 | 60.66 | NOTE | |
r-devel-linux-x86_64-debian-gcc | 2.2.4 | 3.37 | 42.59 | 45.96 | NOTE | |
r-devel-linux-x86_64-fedora-clang | 2.2.4 | 76.48 | NOTE | |||
r-devel-linux-x86_64-fedora-gcc | 2.2.4 | 67.70 | NOTE | |||
r-devel-windows-ix86+x86_64 | 2.2.4 | 8.00 | 66.00 | 74.00 | NOTE | |
r-devel-windows-x86_64-gcc10-UCRT | 2.2.4 | NOTE | ||||
r-patched-linux-x86_64 | 2.2.4 | 3.87 | 51.51 | 55.38 | OK | |
r-patched-solaris-x86 | 2.2.4 | 111.20 | OK | |||
r-release-linux-x86_64 | 2.2.4 | 4.36 | 53.81 | 58.17 | OK | |
r-release-macos-x86_64 | 2.2.4 | OK | ||||
r-release-windows-ix86+x86_64 | 2.2.4 | 26.00 | 92.00 | 118.00 | OK | |
r-oldrel-macos-x86_64 | 2.2.4 | OK | ||||
r-oldrel-windows-ix86+x86_64 | 2.2.4 | 10.00 | 61.00 | 71.00 | OK |
Version: 2.2.4
Check: LazyData
Result: NOTE
'LazyData' is specified without a 'data' directory
Flavors: r-devel-linux-x86_64-debian-clang, r-devel-linux-x86_64-debian-gcc, r-devel-linux-x86_64-fedora-clang, r-devel-linux-x86_64-fedora-gcc, r-devel-windows-ix86+x86_64, r-devel-windows-x86_64-gcc10-UCRT