CRAN Package Check Results for Package randomForestExplainer

Last updated on 2019-08-17 22:46:35 CEST.

Flavor Version Tinstall Tcheck Ttotal Status Flags
r-devel-linux-x86_64-debian-clang 0.9 5.88 120.62 126.50 OK
r-devel-linux-x86_64-debian-gcc 0.9 4.61 100.91 105.52 OK
r-devel-linux-x86_64-fedora-gcc 0.9 131.75 NOTE
r-devel-windows-ix86+x86_64 0.9 20.00 130.00 150.00 OK
r-patched-linux-x86_64 0.9 5.07 114.64 119.71 OK
r-patched-solaris-x86 0.9 169.90 NOTE
r-release-linux-x86_64 0.9 5.16 112.37 117.53 OK
r-release-windows-ix86+x86_64 0.9 20.00 151.00 171.00 OK
r-release-osx-x86_64 0.9 NOTE
r-oldrel-windows-ix86+x86_64 0.9 11.00 166.00 177.00 OK
r-oldrel-osx-x86_64 0.9 NOTE

Check Details

Version: 0.9
Check: dependencies in R code
Result: NOTE
    Namespaces in Imports field not imported from:
     ‘MASS’ ‘dtplyr’
     All declared Imports should be used.
Flavors: r-devel-linux-x86_64-fedora-gcc, r-patched-solaris-x86, r-release-osx-x86_64, r-oldrel-osx-x86_64