CRAN Package Check Results for Package randomForestExplainer

Last updated on 2019-06-15 22:58:53 CEST.

Flavor Version Tinstall Tcheck Ttotal Status Flags
r-devel-linux-x86_64-debian-clang 0.9 5.36 119.77 125.13 OK
r-devel-linux-x86_64-debian-gcc 0.9 5.09 100.40 105.49 OK
r-devel-linux-x86_64-fedora-clang 0.9 134.31 NOTE
r-devel-linux-x86_64-fedora-gcc 0.9 127.04 NOTE
r-devel-windows-ix86+x86_64 0.9 18.00 163.00 181.00 OK
r-patched-linux-x86_64 0.9 4.74 117.28 122.02 OK
r-patched-solaris-x86 0.9 171.00 NOTE
r-release-linux-x86_64 0.9 6.14 117.71 123.85 OK
r-release-windows-ix86+x86_64 0.9 12.00 165.00 177.00 OK
r-release-osx-x86_64 0.9 NOTE
r-oldrel-windows-ix86+x86_64 0.9 10.00 162.00 172.00 OK
r-oldrel-osx-x86_64 0.9 NOTE

Check Details

Version: 0.9
Check: dependencies in R code
Result: NOTE
    Namespaces in Imports field not imported from:
     ‘MASS’ ‘dtplyr’
     All declared Imports should be used.
Flavors: r-devel-linux-x86_64-fedora-clang, r-devel-linux-x86_64-fedora-gcc, r-patched-solaris-x86, r-release-osx-x86_64, r-oldrel-osx-x86_64