Last updated on 2024-04-23 22:55:33 CEST.
Flavor | Version | Tinstall | Tcheck | Ttotal | Status | Flags |
---|---|---|---|---|---|---|
r-devel-linux-x86_64-debian-clang | 0.1.1 | 3.05 | 29.30 | 32.35 | NOTE | |
r-devel-linux-x86_64-debian-gcc | 0.1.1 | 2.28 | 23.24 | 25.52 | NOTE | |
r-devel-linux-x86_64-fedora-clang | 0.1.1 | 40.86 | NOTE | |||
r-devel-linux-x86_64-fedora-gcc | 0.1.1 | 38.81 | NOTE | |||
r-prerel-macos-arm64 | 0.1.1 | 22.00 | NOTE | |||
r-prerel-windows-x86_64 | 0.1.1 | 4.00 | 45.00 | 49.00 | NOTE | |
r-patched-linux-x86_64 | 0.1.1 | 3.03 | 28.82 | 31.85 | NOTE | |
r-release-linux-x86_64 | 0.1.1 | 3.05 | 28.42 | 31.47 | NOTE | |
r-release-macos-arm64 | 0.1.1 | 18.00 | NOTE | |||
r-release-macos-x86_64 | 0.1.1 | 23.00 | NOTE | |||
r-release-windows-x86_64 | 0.1.1 | 5.00 | 46.00 | 51.00 | NOTE | |
r-oldrel-macos-arm64 | 0.1.1 | 17.00 | NOTE | |||
r-oldrel-windows-x86_64 | 0.1.1 | 4.00 | 49.00 | 53.00 | OK |
Version: 0.1.1
Check: package subdirectories
Result: NOTE
Problems with news in ‘NEWS.md’:
No news entries found.
Flavors: r-devel-linux-x86_64-debian-clang, r-devel-linux-x86_64-debian-gcc, r-devel-linux-x86_64-fedora-clang, r-devel-linux-x86_64-fedora-gcc, r-prerel-macos-arm64, r-prerel-windows-x86_64, r-patched-linux-x86_64, r-release-linux-x86_64, r-release-macos-arm64, r-release-macos-x86_64, r-release-windows-x86_64
Version: 0.1.1
Check: dependencies in R code
Result: NOTE
Namespaces in Imports field not imported from:
‘curl’ ‘jsonlite’
All declared Imports should be used.
Flavors: r-devel-linux-x86_64-fedora-clang, r-devel-linux-x86_64-fedora-gcc, r-oldrel-macos-arm64